{"id":410,"date":"2022-03-23T09:17:00","date_gmt":"2022-03-23T09:17:00","guid":{"rendered":"http:\/\/localhost\/portal_old\/about-us\/"},"modified":"2025-08-15T16:37:08","modified_gmt":"2025-08-15T19:37:08","slug":"quienes-somos","status":"publish","type":"page","link":"https:\/\/audepp.org\/portal\/quienes-somos\/","title":{"rendered":"\u00bfQui\u00e9nes somos?"},"content":{"rendered":"\n<section id=\"wp-block-themeisle-blocks-advanced-columns-546fa8db\" class=\"wp-block-themeisle-blocks-advanced-columns alignfull has-2-columns has-desktop-equal-layout has-tablet-equal-layout has-mobile-collapsedRows-layout has-vertical-flex-start\"><div class=\"wp-block-themeisle-blocks-advanced-columns-overlay\"><\/div><div class=\"innerblocks-wrap\">\n<div id=\"wp-block-themeisle-blocks-advanced-column-a03592cc\" class=\"wp-block-themeisle-blocks-advanced-column\">\n<h4 class=\"wp-block-heading has-text-align-left ticss-eafd8e70 has-black-color has-text-color has-link-color wp-elements-36f53e3267d223239f9aa63103b62295\" style=\"font-size:32px\"><strong>Historia<\/strong><\/h4>\n\n\n\n<p class=\"has-text-align-left has-black-color has-text-color has-link-color wp-elements-49c508084693f72f4cf01a126feb2e3f\" style=\"font-size:16px;line-height:1.7\">El 18 de setiembre de 1981 se realiz\u00f3 la Asamblea Constitutiva de la Asociaci\u00f3n Uruguaya de Psicoterapia Psicoanal\u00edtica (AUDEPP), con lo que se concret\u00f3 la aspiraci\u00f3n de varios grupos de terapeutas de reunirse en una sociedad cient\u00edfica que promoviera el estudio y el desarrollo de esta especialidad, as\u00ed como su divulgaci\u00f3n en el \u00e1mbito cient\u00edfico.<\/p>\n\n\n\n<p class=\"has-text-align-left has-black-color has-text-color has-link-color wp-elements-b9be70f148bcd714368bc75744983634\" style=\"font-size:16px;line-height:1.7\">Los antecedentes de esta fundaci\u00f3n se remontan a fines de los a\u00f1os cincuenta en el medio universitario, m\u00e1s precisamente en las Facultades de Medicina y de Humanidades y Ciencias, en las que comenz\u00f3 a difundirse el psicoan\u00e1lisis. Asimismo, en la d\u00e9cada siguiente se formaron a nivel privado grupos de estudio promovidos por psicoanalistas argentinos y de nuestro pa\u00eds, que asumieron la tarea de brindar formaci\u00f3n te\u00f3rico-t\u00e9cnica y de supervisar a los terapeutas, ampliando y enriqueciendo los postulados fundamentales de la pr\u00e1ctica del psicoan\u00e1lisis y construyendo as\u00ed el concepto de \u201cpsicoterapia psicoanal\u00edtica\u201d.<\/p>\n<\/div>\n\n\n\n<div id=\"wp-block-themeisle-blocks-advanced-column-5b750788\" class=\"wp-block-themeisle-blocks-advanced-column\">\n<p class=\"has-text-align-left has-black-color has-text-color has-link-color wp-elements-276c758397e9e3b55659d839800b4a32\" style=\"font-size:16px;line-height:1.7\">La fundaci\u00f3n de AUDEPP se produjo en un momento hist\u00f3rico-pol\u00edtico de nuestro pa\u00eds en el cual la dictadura prohibi\u00f3 todas las libertades y formas de pensar, no obstante lo cual la Instituci\u00f3n, apoyada desde el inicio por casi un centenar de psicoterapeutas, se constituy\u00f3 en un lugar de pertenencia en el que confluyen la heterogeneidad de los diversos enfoques que cada integrante aporta y marc\u00f3 el comienzo de una etapa de reflexi\u00f3n y discusi\u00f3n de la teor\u00eda, la t\u00e9cnica y la pr\u00e1ctica, junto con la construcci\u00f3n de una s\u00f3lida identidad profesional.<\/p>\n\n\n\n<p class=\"has-black-color has-text-color has-link-color wp-elements-8879fd3799c97aae4a978068e7e35915\" style=\"font-size:16px;line-height:1.7\">A partir del desarrollo de la actividad cient\u00edfica y de formaci\u00f3n profesional, se ha ido perfilando una instituci\u00f3n amplia en sus concepciones te\u00f3ricas y t\u00e9cnicas y abierta al medio cient\u00edfico y cultural.<\/p>\n\n\n\n<p class=\"has-black-color has-text-color has-link-color wp-elements-43fe54a730f8f13f785552d86916c4cd\" style=\"font-size:16px;line-height:1.7\">Lo m\u00e1s importante de AUDEPP es que es el resultado de una construcci\u00f3n colectiva.<\/p>\n<\/div>\n<\/div><\/section>\n\n\n\n<hr class=\"wp-block-separator has-alpha-channel-opacity ticss-31f7470b\"\/>\n\n\n\n<section id=\"wp-block-themeisle-blocks-advanced-columns-94dec1f4\" class=\"wp-block-themeisle-blocks-advanced-columns alignfull has-1-columns has-desktop-equal-layout has-tablet-equal-layout has-mobile-equal-layout has-vertical-flex-start\"><div class=\"wp-block-themeisle-blocks-advanced-columns-overlay\"><\/div><div class=\"innerblocks-wrap\">\n<div id=\"wp-block-themeisle-blocks-advanced-column-7b0444df\" class=\"wp-block-themeisle-blocks-advanced-column\">\n<section id=\"wp-block-themeisle-blocks-advanced-columns-1727ab75\" class=\"wp-block-themeisle-blocks-advanced-columns has-2-columns has-desktop-equal-layout has-tablet-equal-layout has-mobile-collapsedRows-layout has-vertical-center has-reverse-columns-mobile has-light-bg\"><div class=\"wp-block-themeisle-blocks-advanced-columns-overlay\"><\/div><div class=\"innerblocks-wrap\">\n<div id=\"wp-block-themeisle-blocks-advanced-column-28d31c74\" class=\"wp-block-themeisle-blocks-advanced-column\">\n<div id=\"wp-block-themeisle-blocks-font-awesome-icons-f496b5f0\" class=\"wp-block-themeisle-blocks-font-awesome-icons\"><span class=\"wp-block-themeisle-blocks-font-awesome-icons-container nan-padding\"><i class=\"fas fa-book-open\"><\/i><\/span><\/div>\n\n\n\n<p class=\"has-text-align-center has-black-color has-text-color has-link-color wp-elements-2884b43597b5dbc5e8da688fe6c0b1b1\" style=\"font-size:16px;line-height:1.7\">AUDEPP tiene como objetivo fomentar y difundir la psicoterapia psicoanal\u00edtica a partir del desarrollo cient\u00edfico permanente y la formaci\u00f3n profesional, reafirmando su vigencia como herramienta fundamental para el logro del bienestar humano. Prioriza el desarrollo y la producci\u00f3n de conocimiento en psicoterapia psicoanal\u00edtica y psicoan\u00e1lisis, mediante la investigaci\u00f3n y el compromiso con nuestra sociedad, desde una perspectiva plural, en intercambio y di\u00e1logo con otras disciplinas.<\/p>\n<\/div>\n\n\n\n<div id=\"wp-block-themeisle-blocks-advanced-column-f968dc4e\" class=\"wp-block-themeisle-blocks-advanced-column\">\n<figure class=\"wp-block-image size-full is-resized ticss-0c5bbe67\"><img loading=\"lazy\" decoding=\"async\" width=\"847\" height=\"568\" src=\"https:\/\/audepp.org\/portal\/wp-content\/uploads\/2025\/07\/comision_recorte.jpg\" alt=\"\" class=\"wp-image-16936\" style=\"width:555px;height:auto\" srcset=\"https:\/\/audepp.org\/portal\/wp-content\/uploads\/2025\/07\/comision_recorte.jpg 847w, https:\/\/audepp.org\/portal\/wp-content\/uploads\/2025\/07\/comision_recorte-300x201.jpg 300w, https:\/\/audepp.org\/portal\/wp-content\/uploads\/2025\/07\/comision_recorte-768x515.jpg 768w\" sizes=\"auto, (max-width: 847px) 100vw, 847px\" \/><figcaption class=\"wp-element-caption\"><em><sub><sup><strong>Socios fundadores: Arriba y de izquierda a derecha: Alberto Matteo, Ines Mosca, Graciela Ricci, Rosario Allegue, Jorge Rosa. Abajo de izquierda a derecha: Danilo Rolando, Cristina Abal, Lizardo Valdez<\/strong><\/sup><\/sub><\/em><\/figcaption><\/figure>\n<\/div>\n<\/div><\/section>\n\n\n\n<section id=\"wp-block-themeisle-blocks-advanced-columns-696626d6\" class=\"wp-block-themeisle-blocks-advanced-columns has-2-columns has-desktop-equal-layout has-tablet-equal-layout has-mobile-collapsedRows-layout has-vertical-center has-light-bg\"><div class=\"wp-block-themeisle-blocks-advanced-columns-overlay\"><\/div><div class=\"innerblocks-wrap\">\n<div id=\"wp-block-themeisle-blocks-advanced-column-ee624f6a\" class=\"wp-block-themeisle-blocks-advanced-column\">\n<figure class=\"wp-block-image size-full ticss-fab6ef94\"><img loading=\"lazy\" decoding=\"async\" width=\"852\" height=\"655\" src=\"https:\/\/audepp.org\/portal\/wp-content\/uploads\/2025\/07\/comision_2.jpg\" alt=\"\" class=\"wp-image-16934\" srcset=\"https:\/\/audepp.org\/portal\/wp-content\/uploads\/2025\/07\/comision_2.jpg 852w, https:\/\/audepp.org\/portal\/wp-content\/uploads\/2025\/07\/comision_2-300x231.jpg 300w, https:\/\/audepp.org\/portal\/wp-content\/uploads\/2025\/07\/comision_2-768x590.jpg 768w\" sizes=\"auto, (max-width: 852px) 100vw, 852px\" \/><figcaption class=\"wp-element-caption\"><em><sub><sup><strong>Primera comisi\u00f3n directiva de AUDEPP: Paradas de izquierda a derecha: Graciela Ricci, Ana Rumi, Ines Mosca, Teresa Quirice, Luna Bodnar. Sentados de izquierda a derecha : Jorge Rosa, Aldo Costa<\/strong><\/sup><\/sub><\/em><\/figcaption><\/figure>\n<\/div>\n\n\n\n<div id=\"wp-block-themeisle-blocks-advanced-column-40861855\" class=\"wp-block-themeisle-blocks-advanced-column\">\n<div id=\"wp-block-themeisle-blocks-font-awesome-icons-ab3abf87\" class=\"wp-block-themeisle-blocks-font-awesome-icons\"><span class=\"wp-block-themeisle-blocks-font-awesome-icons-container nan-padding\"><i class=\"fas fa-university\"><\/i><\/span><\/div>\n\n\n\n<p class=\"has-text-align-center has-black-color has-text-color has-link-color wp-elements-8188f712c1239aa258c515285a3873cb\" style=\"font-size:16px;line-height:1.7\">El abordaje que AUDEPP propone una constante interrelaci\u00f3n con el medio y con nuestro tiempo, lo que permite reafirmar la vigencia del psicoan\u00e1lisis en una doble apertura simult\u00e1nea: por un lado a los incesantes cambios que la realidad impone, y por otro a revisiones sistem\u00e1ticas de nuestra funci\u00f3n como profesionales de la salud mental orientados por el psicoan\u00e1lisis. As\u00ed, desde la dial\u00e9ctica de la continuidad y el cambio, se preservan los logros alcanzados y los aportes ya ofrecidos por nuestra disciplina al bienestar humano. Es el prop\u00f3sito de la Instituci\u00f3n seguir manteniendo estos logros y extenderlos, profundizando y creando espacios de di\u00e1logo e intercambio con otras formas de psicoterapia, con los aportes de las ciencias, la cultura y la sociedad en su conjunto.<\/p>\n<\/div>\n<\/div><\/section>\n<\/div>\n<\/div><\/section>\n\n\n\n<hr class=\"wp-block-separator has-alpha-channel-opacity ticss-31f7470b\"\/>\n\n\n\n<section id=\"wp-block-themeisle-blocks-advanced-columns-e4373a2b\" class=\"wp-block-themeisle-blocks-advanced-columns alignfull has-1-columns has-desktop-equal-layout has-tablet-equal-layout has-mobile-equal-layout has-vertical-flex-start\"><div class=\"wp-block-themeisle-blocks-advanced-columns-overlay\"><\/div><div class=\"innerblocks-wrap\">\n<div id=\"wp-block-themeisle-blocks-advanced-column-0b9db5af\" class=\"wp-block-themeisle-blocks-advanced-column\">\n<section id=\"wp-block-themeisle-blocks-advanced-columns-62d68e08\" class=\"wp-block-themeisle-blocks-advanced-columns has-1-columns has-desktop-equal-layout has-tablet-equal-layout has-mobile-equal-layout has-vertical-flex-start\"><div class=\"wp-block-themeisle-blocks-advanced-columns-overlay\"><\/div><div class=\"innerblocks-wrap\">\n<div id=\"wp-block-themeisle-blocks-advanced-column-ba020b38\" class=\"wp-block-themeisle-blocks-advanced-column ticss-b2c84ab6\">\n<h5 id=\"wp-block-themeisle-blocks-advanced-heading-6d6c2f48\" class=\"wp-block-themeisle-blocks-advanced-heading wp-block-themeisle-blocks-advanced-heading-6d6c2f48 ticss-984ee2a3\">Nosotros<\/h5>\n<\/div>\n<\/div><\/section>\n\n\n\n<section id=\"wp-block-themeisle-blocks-advanced-columns-6fc7adce\" class=\"wp-block-themeisle-blocks-advanced-columns has-3-columns has-desktop-equal-layout has-tablet-equal-layout has-mobile-collapsedRows-layout has-vertical-flex-start\"><div class=\"wp-block-themeisle-blocks-advanced-columns-overlay\"><\/div><div class=\"innerblocks-wrap\">\n<div id=\"wp-block-themeisle-blocks-advanced-column-25e97a9a\" class=\"wp-block-themeisle-blocks-advanced-column no_mb_no_pb\">\n<div id=\"wp-block-themeisle-blocks-font-awesome-icons-d5c7d449\" class=\"wp-block-themeisle-blocks-font-awesome-icons\"><span class=\"wp-block-themeisle-blocks-font-awesome-icons-container\"><i class=\"fas fa-bolt\"><\/i><\/span><\/div>\n\n\n\n<h6 id=\"wp-block-themeisle-blocks-advanced-heading-72a9f7c8\" class=\"wp-block-themeisle-blocks-advanced-heading wp-block-themeisle-blocks-advanced-heading-72a9f7c8\">Compromiso<\/h6>\n\n\n\n<p id=\"wp-block-themeisle-blocks-advanced-heading-a5f28f8f\" class=\"wp-block-themeisle-blocks-advanced-heading wp-block-themeisle-blocks-advanced-heading-a5f28f8f no_mb_no_pb\"> Nos enfocamos en el desarrollo cient\u00edfico, la ense\u00f1anza y la producci\u00f3n de conocimiento en psicoterapia psicoanal\u00edtica.<\/p>\n<\/div>\n\n\n\n<div id=\"wp-block-themeisle-blocks-advanced-column-b5b3ad1c\" class=\"wp-block-themeisle-blocks-advanced-column no_mb_no_pb\">\n<div id=\"wp-block-themeisle-blocks-font-awesome-icons-71995a22\" class=\"wp-block-themeisle-blocks-font-awesome-icons\"><span class=\"wp-block-themeisle-blocks-font-awesome-icons-container\"><i class=\"fas fa-spa\"><\/i><\/span><\/div>\n\n\n\n<h6 id=\"wp-block-themeisle-blocks-advanced-heading-067b6e63\" class=\"wp-block-themeisle-blocks-advanced-heading wp-block-themeisle-blocks-advanced-heading-067b6e63\">Intercambio<\/h6>\n\n\n\n<p id=\"wp-block-themeisle-blocks-advanced-heading-7b136259\" class=\"wp-block-themeisle-blocks-advanced-heading wp-block-themeisle-blocks-advanced-heading-7b136259 no_mb_no_pb\"> Promovemos el di\u00e1logo con diversas disciplinas, instituciones y enfoques dentro de la salud mental y la cultura.<\/p>\n<\/div>\n\n\n\n<div id=\"wp-block-themeisle-blocks-advanced-column-6be03cf4\" class=\"wp-block-themeisle-blocks-advanced-column no_mb_no_pb\">\n<div id=\"wp-block-themeisle-blocks-font-awesome-icons-52fbd165\" class=\"wp-block-themeisle-blocks-font-awesome-icons\"><span class=\"wp-block-themeisle-blocks-font-awesome-icons-container\"><i class=\"fas fa-balance-scale\"><\/i><\/span><\/div>\n\n\n\n<h6 id=\"wp-block-themeisle-blocks-advanced-heading-57826d4c\" class=\"wp-block-themeisle-blocks-advanced-heading wp-block-themeisle-blocks-advanced-heading-57826d4c\">Actualizaci\u00f3n<\/h6>\n\n\n\n<p id=\"wp-block-themeisle-blocks-advanced-heading-9962089c\" class=\"wp-block-themeisle-blocks-advanced-heading wp-block-themeisle-blocks-advanced-heading-9962089c no_mb_no_pb\">Nos dejamos interpelar por los cambios sociohist\u00f3ricos y cient\u00edficos promoviendo nuevas formas de pensamiento y reformulando nuestros abordajes psicoanal\u00edticos ante las nuevas presentaciones del sufrimiento humano.<\/p>\n<\/div>\n<\/div><\/section>\n<\/div>\n<\/div><\/section>\n\n\n\n<p><\/p>\n","protected":false},"excerpt":{"rendered":"","protected":false},"author":1,"featured_media":0,"parent":0,"menu_order":0,"comment_status":"closed","ping_status":"closed","template":"","meta":{"_uag_custom_page_level_css":"","site-sidebar-layout":"default","site-content-layout":"","ast-site-content-layout":"","site-content-style":"default","site-sidebar-style":"default","ast-global-header-display":"","ast-banner-title-visibility":"","ast-main-header-display":"","ast-hfb-above-header-display":"","ast-hfb-below-header-display":"","ast-hfb-mobile-header-display":"","site-post-title":"","ast-breadcrumbs-content":"","ast-featured-img":"","footer-sml-layout":"","theme-transparent-header-meta":"","adv-header-id-meta":"","stick-header-meta":"","header-above-stick-meta":"","header-main-stick-meta":"","header-below-stick-meta":"","astra-migrate-meta-layouts":"default","ast-page-background-enabled":"default","ast-page-background-meta":{"desktop":{"background-color":"var(--ast-global-color-4)","background-image":"","background-repeat":"repeat","background-position":"center center","background-size":"auto","background-attachment":"scroll","background-type":"","background-media":"","overlay-type":"","overlay-color":"","overlay-opacity":"","overlay-gradient":""},"tablet":{"background-color":"","background-image":"","background-repeat":"repeat","background-position":"center center","background-size":"auto","background-attachment":"scroll","background-type":"","background-media":"","overlay-type":"","overlay-color":"","overlay-opacity":"","overlay-gradient":""},"mobile":{"background-color":"","background-image":"","background-repeat":"repeat","background-position":"center center","background-size":"auto","background-attachment":"scroll","background-type":"","background-media":"","overlay-type":"","overlay-color":"","overlay-opacity":"","overlay-gradient":""}},"ast-content-background-meta":{"desktop":{"background-color":"var(--ast-global-color-5)","background-image":"","background-repeat":"repeat","background-position":"center center","background-size":"auto","background-attachment":"scroll","background-type":"","background-media":"","overlay-type":"","overlay-color":"","overlay-opacity":"","overlay-gradient":""},"tablet":{"background-color":"var(--ast-global-color-5)","background-image":"","background-repeat":"repeat","background-position":"center center","background-size":"auto","background-attachment":"scroll","background-type":"","background-media":"","overlay-type":"","overlay-color":"","overlay-opacity":"","overlay-gradient":""},"mobile":{"background-color":"var(--ast-global-color-5)","background-image":"","background-repeat":"repeat","background-position":"center center","background-size":"auto","background-attachment":"scroll","background-type":"","background-media":"","overlay-type":"","overlay-color":"","overlay-opacity":"","overlay-gradient":""}},"_themeisle_gutenberg_block_has_review":false,"footnotes":""},"class_list":["post-410","page","type-page","status-publish","hentry"],"yoast_head":"<!-- This site is optimized with the Yoast SEO plugin v25.5 - https:\/\/yoast.com\/wordpress\/plugins\/seo\/ -->\n<title>\u00bfQui\u00e9nes somos? - Audepp<\/title>\n<meta name=\"robots\" content=\"index, follow, max-snippet:-1, max-image-preview:large, max-video-preview:-1\" \/>\n<link rel=\"canonical\" href=\"https:\/\/audepp.org\/portal\/quienes-somos\/\" \/>\n<meta property=\"og:locale\" content=\"es_ES\" \/>\n<meta property=\"og:type\" content=\"article\" \/>\n<meta property=\"og:title\" content=\"\u00bfQui\u00e9nes somos? - Audepp\" \/>\n<meta property=\"og:url\" content=\"https:\/\/audepp.org\/portal\/quienes-somos\/\" \/>\n<meta property=\"og:site_name\" content=\"Audepp\" \/>\n<meta property=\"article:modified_time\" content=\"2025-08-15T19:37:08+00:00\" \/>\n<meta property=\"og:image\" content=\"https:\/\/audepp.org\/portal\/wp-content\/uploads\/2025\/07\/comision_recorte.jpg\" \/>\n\t<meta property=\"og:image:width\" content=\"847\" \/>\n\t<meta property=\"og:image:height\" content=\"568\" \/>\n\t<meta property=\"og:image:type\" content=\"image\/jpeg\" \/>\n<meta name=\"twitter:card\" content=\"summary_large_image\" \/>\n<meta name=\"twitter:label1\" content=\"Tiempo de lectura\" \/>\n\t<meta name=\"twitter:data1\" content=\"4 minutos\" \/>\n<script type=\"application\/ld+json\" class=\"yoast-schema-graph\">{\"@context\":\"https:\/\/schema.org\",\"@graph\":[{\"@type\":\"WebPage\",\"@id\":\"https:\/\/audepp.org\/portal\/quienes-somos\/\",\"url\":\"https:\/\/audepp.org\/portal\/quienes-somos\/\",\"name\":\"\u00bfQui\u00e9nes somos? - Audepp\",\"isPartOf\":{\"@id\":\"https:\/\/audepp.org\/portal\/#website\"},\"primaryImageOfPage\":{\"@id\":\"https:\/\/audepp.org\/portal\/quienes-somos\/#primaryimage\"},\"image\":{\"@id\":\"https:\/\/audepp.org\/portal\/quienes-somos\/#primaryimage\"},\"thumbnailUrl\":\"https:\/\/audepp.org\/portal\/wp-content\/uploads\/2025\/07\/comision_recorte.jpg\",\"datePublished\":\"2022-03-23T09:17:00+00:00\",\"dateModified\":\"2025-08-15T19:37:08+00:00\",\"breadcrumb\":{\"@id\":\"https:\/\/audepp.org\/portal\/quienes-somos\/#breadcrumb\"},\"inLanguage\":\"es\",\"potentialAction\":[{\"@type\":\"ReadAction\",\"target\":[\"https:\/\/audepp.org\/portal\/quienes-somos\/\"]}]},{\"@type\":\"ImageObject\",\"inLanguage\":\"es\",\"@id\":\"https:\/\/audepp.org\/portal\/quienes-somos\/#primaryimage\",\"url\":\"https:\/\/audepp.org\/portal\/wp-content\/uploads\/2025\/07\/comision_recorte.jpg\",\"contentUrl\":\"https:\/\/audepp.org\/portal\/wp-content\/uploads\/2025\/07\/comision_recorte.jpg\",\"width\":847,\"height\":568},{\"@type\":\"BreadcrumbList\",\"@id\":\"https:\/\/audepp.org\/portal\/quienes-somos\/#breadcrumb\",\"itemListElement\":[{\"@type\":\"ListItem\",\"position\":1,\"name\":\"Home\",\"item\":\"https:\/\/audepp.org\/portal\/\"},{\"@type\":\"ListItem\",\"position\":2,\"name\":\"\u00bfQui\u00e9nes somos?\"}]},{\"@type\":\"WebSite\",\"@id\":\"https:\/\/audepp.org\/portal\/#website\",\"url\":\"https:\/\/audepp.org\/portal\/\",\"name\":\"Audepp\",\"description\":\"\",\"publisher\":{\"@id\":\"https:\/\/audepp.org\/portal\/#organization\"},\"potentialAction\":[{\"@type\":\"SearchAction\",\"target\":{\"@type\":\"EntryPoint\",\"urlTemplate\":\"https:\/\/audepp.org\/portal\/?s={search_term_string}\"},\"query-input\":{\"@type\":\"PropertyValueSpecification\",\"valueRequired\":true,\"valueName\":\"search_term_string\"}}],\"inLanguage\":\"es\"},{\"@type\":\"Organization\",\"@id\":\"https:\/\/audepp.org\/portal\/#organization\",\"name\":\"Audepp\",\"url\":\"https:\/\/audepp.org\/portal\/\",\"logo\":{\"@type\":\"ImageObject\",\"inLanguage\":\"es\",\"@id\":\"https:\/\/audepp.org\/portal\/#\/schema\/logo\/image\/\",\"url\":\"https:\/\/audepp.org\/portal\/wp-content\/uploads\/2025\/02\/cropped-cropped-cropped-image_invertida-1.png\",\"contentUrl\":\"https:\/\/audepp.org\/portal\/wp-content\/uploads\/2025\/02\/cropped-cropped-cropped-image_invertida-1.png\",\"width\":980,\"height\":254,\"caption\":\"Audepp\"},\"image\":{\"@id\":\"https:\/\/audepp.org\/portal\/#\/schema\/logo\/image\/\"}}]}<\/script>\n<!-- \/ Yoast SEO plugin. -->","yoast_head_json":{"title":"\u00bfQui\u00e9nes somos? - Audepp","robots":{"index":"index","follow":"follow","max-snippet":"max-snippet:-1","max-image-preview":"max-image-preview:large","max-video-preview":"max-video-preview:-1"},"canonical":"https:\/\/audepp.org\/portal\/quienes-somos\/","og_locale":"es_ES","og_type":"article","og_title":"\u00bfQui\u00e9nes somos? - Audepp","og_url":"https:\/\/audepp.org\/portal\/quienes-somos\/","og_site_name":"Audepp","article_modified_time":"2025-08-15T19:37:08+00:00","og_image":[{"width":847,"height":568,"url":"https:\/\/audepp.org\/portal\/wp-content\/uploads\/2025\/07\/comision_recorte.jpg","type":"image\/jpeg"}],"twitter_card":"summary_large_image","twitter_misc":{"Tiempo de lectura":"4 minutos"},"schema":{"@context":"https:\/\/schema.org","@graph":[{"@type":"WebPage","@id":"https:\/\/audepp.org\/portal\/quienes-somos\/","url":"https:\/\/audepp.org\/portal\/quienes-somos\/","name":"\u00bfQui\u00e9nes somos? - Audepp","isPartOf":{"@id":"https:\/\/audepp.org\/portal\/#website"},"primaryImageOfPage":{"@id":"https:\/\/audepp.org\/portal\/quienes-somos\/#primaryimage"},"image":{"@id":"https:\/\/audepp.org\/portal\/quienes-somos\/#primaryimage"},"thumbnailUrl":"https:\/\/audepp.org\/portal\/wp-content\/uploads\/2025\/07\/comision_recorte.jpg","datePublished":"2022-03-23T09:17:00+00:00","dateModified":"2025-08-15T19:37:08+00:00","breadcrumb":{"@id":"https:\/\/audepp.org\/portal\/quienes-somos\/#breadcrumb"},"inLanguage":"es","potentialAction":[{"@type":"ReadAction","target":["https:\/\/audepp.org\/portal\/quienes-somos\/"]}]},{"@type":"ImageObject","inLanguage":"es","@id":"https:\/\/audepp.org\/portal\/quienes-somos\/#primaryimage","url":"https:\/\/audepp.org\/portal\/wp-content\/uploads\/2025\/07\/comision_recorte.jpg","contentUrl":"https:\/\/audepp.org\/portal\/wp-content\/uploads\/2025\/07\/comision_recorte.jpg","width":847,"height":568},{"@type":"BreadcrumbList","@id":"https:\/\/audepp.org\/portal\/quienes-somos\/#breadcrumb","itemListElement":[{"@type":"ListItem","position":1,"name":"Home","item":"https:\/\/audepp.org\/portal\/"},{"@type":"ListItem","position":2,"name":"\u00bfQui\u00e9nes somos?"}]},{"@type":"WebSite","@id":"https:\/\/audepp.org\/portal\/#website","url":"https:\/\/audepp.org\/portal\/","name":"Audepp","description":"","publisher":{"@id":"https:\/\/audepp.org\/portal\/#organization"},"potentialAction":[{"@type":"SearchAction","target":{"@type":"EntryPoint","urlTemplate":"https:\/\/audepp.org\/portal\/?s={search_term_string}"},"query-input":{"@type":"PropertyValueSpecification","valueRequired":true,"valueName":"search_term_string"}}],"inLanguage":"es"},{"@type":"Organization","@id":"https:\/\/audepp.org\/portal\/#organization","name":"Audepp","url":"https:\/\/audepp.org\/portal\/","logo":{"@type":"ImageObject","inLanguage":"es","@id":"https:\/\/audepp.org\/portal\/#\/schema\/logo\/image\/","url":"https:\/\/audepp.org\/portal\/wp-content\/uploads\/2025\/02\/cropped-cropped-cropped-image_invertida-1.png","contentUrl":"https:\/\/audepp.org\/portal\/wp-content\/uploads\/2025\/02\/cropped-cropped-cropped-image_invertida-1.png","width":980,"height":254,"caption":"Audepp"},"image":{"@id":"https:\/\/audepp.org\/portal\/#\/schema\/logo\/image\/"}}]}},"uagb_featured_image_src":{"full":false,"thumbnail":false,"medium":false,"medium_large":false,"large":false,"1536x1536":false,"2048x2048":false,"ultp_layout_landscape_large":false,"ultp_layout_landscape":false,"ultp_layout_portrait":false,"ultp_layout_square":false},"uagb_author_info":{"display_name":"admin","author_link":"https:\/\/audepp.org\/portal\/author\/admin\/"},"uagb_comment_info":0,"uagb_excerpt":null,"_links":{"self":[{"href":"https:\/\/audepp.org\/portal\/wp-json\/wp\/v2\/pages\/410","targetHints":{"allow":["GET"]}}],"collection":[{"href":"https:\/\/audepp.org\/portal\/wp-json\/wp\/v2\/pages"}],"about":[{"href":"https:\/\/audepp.org\/portal\/wp-json\/wp\/v2\/types\/page"}],"author":[{"embeddable":true,"href":"https:\/\/audepp.org\/portal\/wp-json\/wp\/v2\/users\/1"}],"replies":[{"embeddable":true,"href":"https:\/\/audepp.org\/portal\/wp-json\/wp\/v2\/comments?post=410"}],"version-history":[{"count":58,"href":"https:\/\/audepp.org\/portal\/wp-json\/wp\/v2\/pages\/410\/revisions"}],"predecessor-version":[{"id":17759,"href":"https:\/\/audepp.org\/portal\/wp-json\/wp\/v2\/pages\/410\/revisions\/17759"}],"wp:attachment":[{"href":"https:\/\/audepp.org\/portal\/wp-json\/wp\/v2\/media?parent=410"}],"curies":[{"name":"wp","href":"https:\/\/api.w.org\/{rel}","templated":true}]}}