{"id":28,"date":"2013-06-21T18:58:55","date_gmt":"2013-06-21T21:58:55","guid":{"rendered":"http:\/\/localhost\/portal_old\/area-adolescencia\/"},"modified":"2025-08-15T17:34:50","modified_gmt":"2025-08-15T20:34:50","slug":"area-adolescencia","status":"publish","type":"page","link":"https:\/\/audepp.org\/portal\/area-adolescencia\/","title":{"rendered":"\u00c1rea Adolescencias"},"content":{"rendered":"\n<h4 class=\"wp-block-heading has-text-align-center ticss-f492ad59 has-black-color has-text-color has-link-color wp-elements-ca5441d1b9700f695b43d6ffa21d9d0f\" style=\"font-size:32px;font-style:normal;font-weight:700;line-height:1.7\">\u00c1rea Adolescencias<\/h4>\n\n\n\n<p class=\"has-text-align-center ticss-904ebf53 has-black-color has-text-color has-link-color wp-elements-fb406bcbd294c16211d77a8a79fe6f68\" style=\"font-size:16px;line-height:1.7\"><strong>D\u00eda de reuniones: 2do y 4to viernes de cada mes de marzo a noviembre de 14:30 a 16 hs.<\/strong><\/p>\n\n\n\n<p class=\"ticss-ee104d14 has-black-color has-text-color has-link-color wp-elements-d7abb28a12ba34bef0e2afc10fae5081\" style=\"font-size:16px;line-height:1.7\">Los adolescentes nos desaf\u00edan e interpelan a diario en todos los \u00e1mbitos: social, educativo, familiar, cl\u00ednico.<\/p>\n\n\n\n<p class=\"ticss-be095cf2 has-black-color has-text-color has-link-color wp-elements-ad23d0b4d257ac1a076901a5fef9ade9\" style=\"font-size:16px;line-height:1.7\">La cl\u00ednica con adolescentes conlleva una renuncia a las seguridades de nuestra pr\u00e1ctica y saberes, al estar sometidos a un interjuego de identificaciones cruzadas entre nuestros pacientes y sus padres enmarcados en un contexto socio-hist\u00f3rico turbulento. Entendemos a las adolescencias en el cruce de planos intra, inter y trans subjetivos.<\/p>\n\n\n\n<p class=\"ticss-c262b4e9 has-black-color has-text-color has-link-color wp-elements-0fb225bcabb656bbf3ee701fa435c004\" style=\"font-size:16px;line-height:1.7\">Es este terreno de la psicoterapia psicoanal\u00edtica con adolescentes, desde su especificidad, sus actualizaciones y desaf\u00edos t\u00e9cnicos, que nos proponemos profundizar y ampliar nuestra base te\u00f3rico &#8211; t\u00e9cnica. Nos nutrimos de autores contempor\u00e1neos, con \u00f3pticas diferentes, de producciones culturales referidas a esta etapa, as\u00ed como del intercambio con colegas, compartiendo ejemplos, interrogantes, situaciones y vi\u00f1etas cl\u00ednicas.<\/p>\n\n\n\n<p class=\"ticss-8c10d415 has-black-color has-text-color has-link-color wp-elements-43f519b21e4aa84b31f7d801ca3d048a\" style=\"font-size:16px;line-height:1.7\">Se plantea desde una din\u00e1mica interactiva intercambiar, integrar y pensar sobre las presentaciones novedosas adolescentes.<\/p>\n\n\n\n<p class=\"ticss-d17a998f has-black-color has-text-color has-link-color wp-elements-7a4ed7a7bd0a0464db12cca816847b6e\" style=\"font-size:16px;line-height:1.7\">Transmitir lo generado en el \u00c1rea a trav\u00e9s de actividades cient\u00edficas, congresos, etc. y de la posibilidad de generar Cursos de Formaci\u00f3n Continua o Cursos Abiertos.<\/p>\n\n\n\n<div data-wp-interactive=\"core\/file\" class=\"wp-block-file ticss-56a18bf3\"><object data-wp-bind--hidden=\"!state.hasPdfPreview\" hidden class=\"wp-block-file__embed\" data=\"https:\/\/audepp.org\/portal\/wp-content\/uploads\/2025\/07\/Diapos-de-PRESENTACION-DEL-AREA.pdf\" type=\"application\/pdf\" style=\"width:100%;height:600px\" aria-label=\"Incrustado de Diapositivas de presentaci\u00f3n del \u00e1rea.\"><\/object><a id=\"wp-block-file--media-5523c657-8f4d-4b9f-9d67-a09d0dad57d0\" href=\"https:\/\/audepp.org\/portal\/wp-content\/uploads\/2025\/07\/Diapos-de-PRESENTACION-DEL-AREA.pdf\">Diapositivas de presentaci\u00f3n del \u00e1rea<\/a><a href=\"https:\/\/audepp.org\/portal\/wp-content\/uploads\/2025\/07\/Diapos-de-PRESENTACION-DEL-AREA.pdf\" class=\"wp-block-file__button wp-element-button\" download aria-describedby=\"wp-block-file--media-5523c657-8f4d-4b9f-9d67-a09d0dad57d0\">DESCARGAR PDF<\/a><\/div>\n\n\n\n<p class=\"ticss-c54bd177 has-black-color has-text-color has-link-color wp-elements-3dc4f74f9aedb017513ed91181405584\" style=\"font-size:16px;line-height:1.7\"><strong>Integrantes<\/strong><\/p>\n\n\n\n<div class=\"wp-block-uagb-container uagb-block-7lkdxvg1 alignfull uagb-is-root-container\"><div class=\"uagb-container-inner-blocks-wrap\">\n<div class=\"wp-block-columns is-layout-flex wp-container-core-columns-is-layout-28f84493 wp-block-columns-is-layout-flex\">\n<div class=\"wp-block-column is-layout-flow wp-block-column-is-layout-flow\" style=\"flex-basis:50%\">\n<div class=\"wp-block-uagb-icon-list uagb-block-b3maqlka\"><div class=\"uagb-icon-list__wrap\">\n<div class=\"wp-block-uagb-icon-list-child uagb-block-3qsacoje\"><span class=\"uagb-icon-list__source-wrap\"><svg xmlns=\"https:\/\/www.w3.org\/2000\/svg\" viewBox=\"0 0 448 512\"><path d=\"M438.6 105.4C451.1 117.9 451.1 138.1 438.6 150.6L182.6 406.6C170.1 419.1 149.9 419.1 137.4 406.6L9.372 278.6C-3.124 266.1-3.124 245.9 9.372 233.4C21.87 220.9 42.13 220.9 54.63 233.4L159.1 338.7L393.4 105.4C405.9 92.88 426.1 92.88 438.6 105.4H438.6z\"><\/path><\/svg><\/span><span class=\"uagb-icon-list__label\">Natalia Castelli<\/span><\/div>\n\n\n\n<div class=\"wp-block-uagb-icon-list-child uagb-block-aqojh3e2\"><span class=\"uagb-icon-list__source-wrap\"><svg xmlns=\"https:\/\/www.w3.org\/2000\/svg\" viewBox=\"0 0 448 512\"><path d=\"M438.6 105.4C451.1 117.9 451.1 138.1 438.6 150.6L182.6 406.6C170.1 419.1 149.9 419.1 137.4 406.6L9.372 278.6C-3.124 266.1-3.124 245.9 9.372 233.4C21.87 220.9 42.13 220.9 54.63 233.4L159.1 338.7L393.4 105.4C405.9 92.88 426.1 92.88 438.6 105.4H438.6z\"><\/path><\/svg><\/span><span class=\"uagb-icon-list__label\">Ana Blanco<\/span><\/div>\n\n\n\n<div class=\"wp-block-uagb-icon-list-child uagb-block-gku6pe0g\"><span class=\"uagb-icon-list__source-wrap\"><svg xmlns=\"https:\/\/www.w3.org\/2000\/svg\" viewBox=\"0 0 448 512\"><path d=\"M438.6 105.4C451.1 117.9 451.1 138.1 438.6 150.6L182.6 406.6C170.1 419.1 149.9 419.1 137.4 406.6L9.372 278.6C-3.124 266.1-3.124 245.9 9.372 233.4C21.87 220.9 42.13 220.9 54.63 233.4L159.1 338.7L393.4 105.4C405.9 92.88 426.1 92.88 438.6 105.4H438.6z\"><\/path><\/svg><\/span><span class=\"uagb-icon-list__label\">Adriana Di Tomaso<\/span><\/div>\n\n\n\n<div class=\"wp-block-uagb-icon-list-child uagb-block-qipgglp3\"><span class=\"uagb-icon-list__source-wrap\"><svg xmlns=\"https:\/\/www.w3.org\/2000\/svg\" viewBox=\"0 0 448 512\"><path d=\"M438.6 105.4C451.1 117.9 451.1 138.1 438.6 150.6L182.6 406.6C170.1 419.1 149.9 419.1 137.4 406.6L9.372 278.6C-3.124 266.1-3.124 245.9 9.372 233.4C21.87 220.9 42.13 220.9 54.63 233.4L159.1 338.7L393.4 105.4C405.9 92.88 426.1 92.88 438.6 105.4H438.6z\"><\/path><\/svg><\/span><span class=\"uagb-icon-list__label\">D\u00e9bora Thompson<\/span><\/div>\n\n\n\n<div class=\"wp-block-uagb-icon-list-child uagb-block-95478f01\"><span class=\"uagb-icon-list__source-wrap\"><svg xmlns=\"https:\/\/www.w3.org\/2000\/svg\" viewBox=\"0 0 448 512\"><path d=\"M438.6 105.4C451.1 117.9 451.1 138.1 438.6 150.6L182.6 406.6C170.1 419.1 149.9 419.1 137.4 406.6L9.372 278.6C-3.124 266.1-3.124 245.9 9.372 233.4C21.87 220.9 42.13 220.9 54.63 233.4L159.1 338.7L393.4 105.4C405.9 92.88 426.1 92.88 438.6 105.4H438.6z\"><\/path><\/svg><\/span><span class=\"uagb-icon-list__label\">Virginia Brignoni<\/span><\/div>\n\n\n\n<div class=\"wp-block-uagb-icon-list-child uagb-block-93d3ab7b\"><span class=\"uagb-icon-list__source-wrap\"><svg xmlns=\"https:\/\/www.w3.org\/2000\/svg\" viewBox=\"0 0 448 512\"><path d=\"M438.6 105.4C451.1 117.9 451.1 138.1 438.6 150.6L182.6 406.6C170.1 419.1 149.9 419.1 137.4 406.6L9.372 278.6C-3.124 266.1-3.124 245.9 9.372 233.4C21.87 220.9 42.13 220.9 54.63 233.4L159.1 338.7L393.4 105.4C405.9 92.88 426.1 92.88 438.6 105.4H438.6z\"><\/path><\/svg><\/span><span class=\"uagb-icon-list__label\">Laura Erramun<\/span><\/div>\n<\/div><\/div>\n<\/div>\n\n\n\n<div class=\"wp-block-column is-layout-flow wp-block-column-is-layout-flow\" style=\"flex-basis:50%\">\n<div class=\"wp-block-uagb-icon-list uagb-block-ec721826\"><div class=\"uagb-icon-list__wrap\">\n<div class=\"wp-block-uagb-icon-list-child uagb-block-95708b1b\"><span class=\"uagb-icon-list__source-wrap\"><svg xmlns=\"https:\/\/www.w3.org\/2000\/svg\" viewBox=\"0 0 448 512\"><path d=\"M438.6 105.4C451.1 117.9 451.1 138.1 438.6 150.6L182.6 406.6C170.1 419.1 149.9 419.1 137.4 406.6L9.372 278.6C-3.124 266.1-3.124 245.9 9.372 233.4C21.87 220.9 42.13 220.9 54.63 233.4L159.1 338.7L393.4 105.4C405.9 92.88 426.1 92.88 438.6 105.4H438.6z\"><\/path><\/svg><\/span><span class=\"uagb-icon-list__label\">Humberto Giachello<\/span><\/div>\n\n\n\n<div class=\"wp-block-uagb-icon-list-child uagb-block-ace6188a\"><span class=\"uagb-icon-list__source-wrap\"><svg xmlns=\"https:\/\/www.w3.org\/2000\/svg\" viewBox=\"0 0 448 512\"><path d=\"M438.6 105.4C451.1 117.9 451.1 138.1 438.6 150.6L182.6 406.6C170.1 419.1 149.9 419.1 137.4 406.6L9.372 278.6C-3.124 266.1-3.124 245.9 9.372 233.4C21.87 220.9 42.13 220.9 54.63 233.4L159.1 338.7L393.4 105.4C405.9 92.88 426.1 92.88 438.6 105.4H438.6z\"><\/path><\/svg><\/span><span class=\"uagb-icon-list__label\">Cecilia Morales<\/span><\/div>\n\n\n\n<div class=\"wp-block-uagb-icon-list-child uagb-block-5844947b\"><span class=\"uagb-icon-list__source-wrap\"><svg xmlns=\"https:\/\/www.w3.org\/2000\/svg\" viewBox=\"0 0 448 512\"><path d=\"M438.6 105.4C451.1 117.9 451.1 138.1 438.6 150.6L182.6 406.6C170.1 419.1 149.9 419.1 137.4 406.6L9.372 278.6C-3.124 266.1-3.124 245.9 9.372 233.4C21.87 220.9 42.13 220.9 54.63 233.4L159.1 338.7L393.4 105.4C405.9 92.88 426.1 92.88 438.6 105.4H438.6z\"><\/path><\/svg><\/span><span class=\"uagb-icon-list__label\">Rosina Asuaga<\/span><\/div>\n\n\n\n<div class=\"wp-block-uagb-icon-list-child uagb-block-ec3e87e2\"><span class=\"uagb-icon-list__source-wrap\"><svg xmlns=\"https:\/\/www.w3.org\/2000\/svg\" viewBox=\"0 0 448 512\"><path d=\"M438.6 105.4C451.1 117.9 451.1 138.1 438.6 150.6L182.6 406.6C170.1 419.1 149.9 419.1 137.4 406.6L9.372 278.6C-3.124 266.1-3.124 245.9 9.372 233.4C21.87 220.9 42.13 220.9 54.63 233.4L159.1 338.7L393.4 105.4C405.9 92.88 426.1 92.88 438.6 105.4H438.6z\"><\/path><\/svg><\/span><span class=\"uagb-icon-list__label\">Alicia Costanzo<\/span><\/div>\n\n\n\n<div class=\"wp-block-uagb-icon-list-child uagb-block-72ea45b9\"><span class=\"uagb-icon-list__source-wrap\"><svg xmlns=\"https:\/\/www.w3.org\/2000\/svg\" viewBox=\"0 0 448 512\"><path d=\"M438.6 105.4C451.1 117.9 451.1 138.1 438.6 150.6L182.6 406.6C170.1 419.1 149.9 419.1 137.4 406.6L9.372 278.6C-3.124 266.1-3.124 245.9 9.372 233.4C21.87 220.9 42.13 220.9 54.63 233.4L159.1 338.7L393.4 105.4C405.9 92.88 426.1 92.88 438.6 105.4H438.6z\"><\/path><\/svg><\/span><span class=\"uagb-icon-list__label\">Florencia Chabalgoity<\/span><\/div>\n\n\n\n<div class=\"wp-block-uagb-icon-list-child uagb-block-80ede5c3\"><span class=\"uagb-icon-list__source-wrap\"><svg xmlns=\"https:\/\/www.w3.org\/2000\/svg\" viewBox=\"0 0 448 512\"><path d=\"M438.6 105.4C451.1 117.9 451.1 138.1 438.6 150.6L182.6 406.6C170.1 419.1 149.9 419.1 137.4 406.6L9.372 278.6C-3.124 266.1-3.124 245.9 9.372 233.4C21.87 220.9 42.13 220.9 54.63 233.4L159.1 338.7L393.4 105.4C405.9 92.88 426.1 92.88 438.6 105.4H438.6z\"><\/path><\/svg><\/span><span class=\"uagb-icon-list__label\">Cecilia Cordones<\/span><\/div>\n<\/div><\/div>\n<\/div>\n<\/div>\n<\/div><\/div>\n","protected":false},"excerpt":{"rendered":"<p>\u00c1rea Adolescencias D\u00eda de reuniones: 2do y 4to viernes de cada mes de marzo a noviembre de 14:30 a 16 hs. Los adolescentes nos desaf\u00edan e interpelan a diario en todos los \u00e1mbitos: social, educativo, familiar, cl\u00ednico. La cl\u00ednica con adolescentes conlleva una renuncia a las seguridades de nuestra pr\u00e1ctica y saberes, al estar sometidos [&hellip;]<\/p>\n","protected":false},"author":1,"featured_media":0,"parent":0,"menu_order":16,"comment_status":"closed","ping_status":"closed","template":"","meta":{"_uag_custom_page_level_css":"","site-sidebar-layout":"default","site-content-layout":"","ast-site-content-layout":"","site-content-style":"default","site-sidebar-style":"default","ast-global-header-display":"","ast-banner-title-visibility":"","ast-main-header-display":"","ast-hfb-above-header-display":"","ast-hfb-below-header-display":"","ast-hfb-mobile-header-display":"","site-post-title":"","ast-breadcrumbs-content":"","ast-featured-img":"","footer-sml-layout":"","theme-transparent-header-meta":"","adv-header-id-meta":"","stick-header-meta":"","header-above-stick-meta":"","header-main-stick-meta":"","header-below-stick-meta":"","astra-migrate-meta-layouts":"default","ast-page-background-enabled":"default","ast-page-background-meta":{"desktop":{"background-color":"var(--ast-global-color-4)","background-image":"","background-repeat":"repeat","background-position":"center center","background-size":"auto","background-attachment":"scroll","background-type":"","background-media":"","overlay-type":"","overlay-color":"","overlay-opacity":"","overlay-gradient":""},"tablet":{"background-color":"","background-image":"","background-repeat":"repeat","background-position":"center center","background-size":"auto","background-attachment":"scroll","background-type":"","background-media":"","overlay-type":"","overlay-color":"","overlay-opacity":"","overlay-gradient":""},"mobile":{"background-color":"","background-image":"","background-repeat":"repeat","background-position":"center center","background-size":"auto","background-attachment":"scroll","background-type":"","background-media":"","overlay-type":"","overlay-color":"","overlay-opacity":"","overlay-gradient":""}},"ast-content-background-meta":{"desktop":{"background-color":"var(--ast-global-color-5)","background-image":"","background-repeat":"repeat","background-position":"center center","background-size":"auto","background-attachment":"scroll","background-type":"","background-media":"","overlay-type":"","overlay-color":"","overlay-opacity":"","overlay-gradient":""},"tablet":{"background-color":"var(--ast-global-color-5)","background-image":"","background-repeat":"repeat","background-position":"center center","background-size":"auto","background-attachment":"scroll","background-type":"","background-media":"","overlay-type":"","overlay-color":"","overlay-opacity":"","overlay-gradient":""},"mobile":{"background-color":"var(--ast-global-color-5)","background-image":"","background-repeat":"repeat","background-position":"center center","background-size":"auto","background-attachment":"scroll","background-type":"","background-media":"","overlay-type":"","overlay-color":"","overlay-opacity":"","overlay-gradient":""}},"_themeisle_gutenberg_block_has_review":false,"footnotes":""},"class_list":["post-28","page","type-page","status-publish","hentry"],"yoast_head":"<!-- This site is optimized with the Yoast SEO plugin v25.5 - https:\/\/yoast.com\/wordpress\/plugins\/seo\/ -->\n<title>\u00c1rea Adolescencias - Audepp<\/title>\n<meta name=\"robots\" content=\"index, follow, max-snippet:-1, max-image-preview:large, max-video-preview:-1\" \/>\n<link rel=\"canonical\" href=\"https:\/\/audepp.org\/portal\/area-adolescencia\/\" \/>\n<meta property=\"og:locale\" content=\"es_ES\" \/>\n<meta property=\"og:type\" content=\"article\" \/>\n<meta property=\"og:title\" content=\"\u00c1rea Adolescencias - Audepp\" \/>\n<meta property=\"og:description\" content=\"\u00c1rea Adolescencias D\u00eda de reuniones: 2do y 4to viernes de cada mes de marzo a noviembre de 14:30 a 16 hs. Los adolescentes nos desaf\u00edan e interpelan a diario en todos los \u00e1mbitos: social, educativo, familiar, cl\u00ednico. La cl\u00ednica con adolescentes conlleva una renuncia a las seguridades de nuestra pr\u00e1ctica y saberes, al estar sometidos [&hellip;]\" \/>\n<meta property=\"og:url\" content=\"https:\/\/audepp.org\/portal\/area-adolescencia\/\" \/>\n<meta property=\"og:site_name\" content=\"Audepp\" \/>\n<meta property=\"article:modified_time\" content=\"2025-08-15T20:34:50+00:00\" \/>\n<meta name=\"twitter:card\" content=\"summary_large_image\" \/>\n<script type=\"application\/ld+json\" class=\"yoast-schema-graph\">{\"@context\":\"https:\/\/schema.org\",\"@graph\":[{\"@type\":\"WebPage\",\"@id\":\"https:\/\/audepp.org\/portal\/area-adolescencia\/\",\"url\":\"https:\/\/audepp.org\/portal\/area-adolescencia\/\",\"name\":\"\u00c1rea Adolescencias - Audepp\",\"isPartOf\":{\"@id\":\"https:\/\/audepp.org\/portal\/#website\"},\"datePublished\":\"2013-06-21T21:58:55+00:00\",\"dateModified\":\"2025-08-15T20:34:50+00:00\",\"breadcrumb\":{\"@id\":\"https:\/\/audepp.org\/portal\/area-adolescencia\/#breadcrumb\"},\"inLanguage\":\"es\",\"potentialAction\":[{\"@type\":\"ReadAction\",\"target\":[\"https:\/\/audepp.org\/portal\/area-adolescencia\/\"]}]},{\"@type\":\"BreadcrumbList\",\"@id\":\"https:\/\/audepp.org\/portal\/area-adolescencia\/#breadcrumb\",\"itemListElement\":[{\"@type\":\"ListItem\",\"position\":1,\"name\":\"Home\",\"item\":\"https:\/\/audepp.org\/portal\/\"},{\"@type\":\"ListItem\",\"position\":2,\"name\":\"\u00c1rea Adolescencias\"}]},{\"@type\":\"WebSite\",\"@id\":\"https:\/\/audepp.org\/portal\/#website\",\"url\":\"https:\/\/audepp.org\/portal\/\",\"name\":\"Audepp\",\"description\":\"\",\"publisher\":{\"@id\":\"https:\/\/audepp.org\/portal\/#organization\"},\"potentialAction\":[{\"@type\":\"SearchAction\",\"target\":{\"@type\":\"EntryPoint\",\"urlTemplate\":\"https:\/\/audepp.org\/portal\/?s={search_term_string}\"},\"query-input\":{\"@type\":\"PropertyValueSpecification\",\"valueRequired\":true,\"valueName\":\"search_term_string\"}}],\"inLanguage\":\"es\"},{\"@type\":\"Organization\",\"@id\":\"https:\/\/audepp.org\/portal\/#organization\",\"name\":\"Audepp\",\"url\":\"https:\/\/audepp.org\/portal\/\",\"logo\":{\"@type\":\"ImageObject\",\"inLanguage\":\"es\",\"@id\":\"https:\/\/audepp.org\/portal\/#\/schema\/logo\/image\/\",\"url\":\"https:\/\/audepp.org\/portal\/wp-content\/uploads\/2025\/02\/cropped-cropped-cropped-image_invertida-1.png\",\"contentUrl\":\"https:\/\/audepp.org\/portal\/wp-content\/uploads\/2025\/02\/cropped-cropped-cropped-image_invertida-1.png\",\"width\":980,\"height\":254,\"caption\":\"Audepp\"},\"image\":{\"@id\":\"https:\/\/audepp.org\/portal\/#\/schema\/logo\/image\/\"}}]}<\/script>\n<!-- \/ Yoast SEO plugin. -->","yoast_head_json":{"title":"\u00c1rea Adolescencias - Audepp","robots":{"index":"index","follow":"follow","max-snippet":"max-snippet:-1","max-image-preview":"max-image-preview:large","max-video-preview":"max-video-preview:-1"},"canonical":"https:\/\/audepp.org\/portal\/area-adolescencia\/","og_locale":"es_ES","og_type":"article","og_title":"\u00c1rea Adolescencias - Audepp","og_description":"\u00c1rea Adolescencias D\u00eda de reuniones: 2do y 4to viernes de cada mes de marzo a noviembre de 14:30 a 16 hs. Los adolescentes nos desaf\u00edan e interpelan a diario en todos los \u00e1mbitos: social, educativo, familiar, cl\u00ednico. La cl\u00ednica con adolescentes conlleva una renuncia a las seguridades de nuestra pr\u00e1ctica y saberes, al estar sometidos [&hellip;]","og_url":"https:\/\/audepp.org\/portal\/area-adolescencia\/","og_site_name":"Audepp","article_modified_time":"2025-08-15T20:34:50+00:00","twitter_card":"summary_large_image","schema":{"@context":"https:\/\/schema.org","@graph":[{"@type":"WebPage","@id":"https:\/\/audepp.org\/portal\/area-adolescencia\/","url":"https:\/\/audepp.org\/portal\/area-adolescencia\/","name":"\u00c1rea Adolescencias - Audepp","isPartOf":{"@id":"https:\/\/audepp.org\/portal\/#website"},"datePublished":"2013-06-21T21:58:55+00:00","dateModified":"2025-08-15T20:34:50+00:00","breadcrumb":{"@id":"https:\/\/audepp.org\/portal\/area-adolescencia\/#breadcrumb"},"inLanguage":"es","potentialAction":[{"@type":"ReadAction","target":["https:\/\/audepp.org\/portal\/area-adolescencia\/"]}]},{"@type":"BreadcrumbList","@id":"https:\/\/audepp.org\/portal\/area-adolescencia\/#breadcrumb","itemListElement":[{"@type":"ListItem","position":1,"name":"Home","item":"https:\/\/audepp.org\/portal\/"},{"@type":"ListItem","position":2,"name":"\u00c1rea Adolescencias"}]},{"@type":"WebSite","@id":"https:\/\/audepp.org\/portal\/#website","url":"https:\/\/audepp.org\/portal\/","name":"Audepp","description":"","publisher":{"@id":"https:\/\/audepp.org\/portal\/#organization"},"potentialAction":[{"@type":"SearchAction","target":{"@type":"EntryPoint","urlTemplate":"https:\/\/audepp.org\/portal\/?s={search_term_string}"},"query-input":{"@type":"PropertyValueSpecification","valueRequired":true,"valueName":"search_term_string"}}],"inLanguage":"es"},{"@type":"Organization","@id":"https:\/\/audepp.org\/portal\/#organization","name":"Audepp","url":"https:\/\/audepp.org\/portal\/","logo":{"@type":"ImageObject","inLanguage":"es","@id":"https:\/\/audepp.org\/portal\/#\/schema\/logo\/image\/","url":"https:\/\/audepp.org\/portal\/wp-content\/uploads\/2025\/02\/cropped-cropped-cropped-image_invertida-1.png","contentUrl":"https:\/\/audepp.org\/portal\/wp-content\/uploads\/2025\/02\/cropped-cropped-cropped-image_invertida-1.png","width":980,"height":254,"caption":"Audepp"},"image":{"@id":"https:\/\/audepp.org\/portal\/#\/schema\/logo\/image\/"}}]}},"uagb_featured_image_src":{"full":false,"thumbnail":false,"medium":false,"medium_large":false,"large":false,"1536x1536":false,"2048x2048":false,"ultp_layout_landscape_large":false,"ultp_layout_landscape":false,"ultp_layout_portrait":false,"ultp_layout_square":false},"uagb_author_info":{"display_name":"admin","author_link":"https:\/\/audepp.org\/portal\/author\/admin\/"},"uagb_comment_info":0,"uagb_excerpt":"\u00c1rea Adolescencias D\u00eda de reuniones: 2do y 4to viernes de cada mes de marzo a noviembre de 14:30 a 16 hs. Los adolescentes nos desaf\u00edan e interpelan a diario en todos los \u00e1mbitos: social, educativo, familiar, cl\u00ednico. La cl\u00ednica con adolescentes conlleva una renuncia a las seguridades de nuestra pr\u00e1ctica y saberes, al estar sometidos&hellip;","_links":{"self":[{"href":"https:\/\/audepp.org\/portal\/wp-json\/wp\/v2\/pages\/28","targetHints":{"allow":["GET"]}}],"collection":[{"href":"https:\/\/audepp.org\/portal\/wp-json\/wp\/v2\/pages"}],"about":[{"href":"https:\/\/audepp.org\/portal\/wp-json\/wp\/v2\/types\/page"}],"author":[{"embeddable":true,"href":"https:\/\/audepp.org\/portal\/wp-json\/wp\/v2\/users\/1"}],"replies":[{"embeddable":true,"href":"https:\/\/audepp.org\/portal\/wp-json\/wp\/v2\/comments?post=28"}],"version-history":[{"count":31,"href":"https:\/\/audepp.org\/portal\/wp-json\/wp\/v2\/pages\/28\/revisions"}],"predecessor-version":[{"id":18357,"href":"https:\/\/audepp.org\/portal\/wp-json\/wp\/v2\/pages\/28\/revisions\/18357"}],"wp:attachment":[{"href":"https:\/\/audepp.org\/portal\/wp-json\/wp\/v2\/media?parent=28"}],"curies":[{"name":"wp","href":"https:\/\/api.w.org\/{rel}","templated":true}]}}