{"id":16449,"date":"2025-05-17T22:32:52","date_gmt":"2025-05-18T01:32:52","guid":{"rendered":"http:\/\/localhost\/portal_old\/?page_id=16449"},"modified":"2025-08-10T16:44:49","modified_gmt":"2025-08-10T19:44:49","slug":"area-de-patologias-graves","status":"publish","type":"page","link":"https:\/\/audepp.org\/portal\/area-de-patologias-graves\/","title":{"rendered":"\u00c1rea de Patolog\u00edas graves"},"content":{"rendered":"\n<div class=\"wp-block-uagb-container uagb-block-wu0rleei alignfull uagb-is-root-container\"><div class=\"uagb-container-inner-blocks-wrap\">\n<div class=\"wp-block-uagb-image alignleft uagb-block-uqvnlsqy wp-block-uagb-image--layout-default wp-block-uagb-image--effect-static wp-block-uagb-image--align-left\"><figure class=\"wp-block-uagb-image__figure\"><img decoding=\"async\" srcset=\"https:\/\/audepp.org\/portal\/wp-content\/uploads\/2025\/07\/204032fgsdl-1024x853.jpg ,https:\/\/audepp.org\/portal\/wp-content\/uploads\/2025\/07\/204032fgsdl.jpg 780w, https:\/\/audepp.org\/portal\/wp-content\/uploads\/2025\/07\/204032fgsdl.jpg 360w\" sizes=\"auto, (max-width: 480px) 150px\" src=\"https:\/\/audepp.org\/portal\/wp-content\/uploads\/2025\/07\/204032fgsdl-1024x853.jpg\" alt=\"\" class=\"uag-image-16564\" width=\"600\" height=\"500\" title=\"204032fgsdl\" loading=\"lazy\" role=\"img\"\/><\/figure><\/div>\n\n\n\n<div class=\"wp-block-uagb-container uagb-block-yrbuabfa\">\n<h4 class=\"wp-block-heading ticss-9f76e5b0 has-black-color has-text-color has-link-color wp-elements-440b143ac5aafb9d84700b4c2c537897\" style=\"font-size:32px;font-style:normal;font-weight:700;line-height:1.7\"><strong>\u00c1rea de Patolog\u00edas graves<\/strong><\/h4>\n\n\n\n<p class=\"ticss-b636b833 has-black-color has-text-color has-link-color wp-elements-679800596d4ff23ee546ae3c1e22c89d\" style=\"font-size:16px;font-style:normal;font-weight:600;line-height:1.7\">D\u00edas de reuni\u00f3n: Viernes de 9:00 a 10:00, en modalidad h\u00edbrida.<br><\/p>\n\n\n\n<div class=\"wp-block-uagb-info-box uagb-block-esdeppoe uagb-infobox__content-wrap  uagb-infobox-icon-above-title uagb-infobox-image-valign-top\"><div class=\"uagb-ifb-content\"><div class=\"uagb-ifb-title-wrap\"><\/div><p class=\"uagb-ifb-desc\">Las llamadas \u201cpatolog\u00edas mentales graves\u201d, pueden incluir diagn\u00f3sticos diversos, como las psicosis, los trastornos borderline, narcisistas e incluso algunas neurosis graves. Es por eso que el abordaje de las mismas desaf\u00eda la pr\u00e1ctica psicoanal\u00edtica, generando el corrimiento de sus fronteras y en consecuencia nuevos desarrollos te\u00f3rico-cl\u00ednicos.<\/p><\/div><\/div>\n\n\n\n<p class=\"ticss-100fb18f\"><strong>Coordinaci\u00f3n<\/strong><\/p>\n\n\n\n<div class=\"wp-block-uagb-icon-list uagb-block-bhfosj4n\"><div class=\"uagb-icon-list__wrap\">\n<div class=\"wp-block-uagb-icon-list-child uagb-block-joawcv8y\"><span class=\"uagb-icon-list__source-wrap\"><svg xmlns=\"https:\/\/www.w3.org\/2000\/svg\" viewBox=\"0 0 448 512\"><path d=\"M438.6 105.4C451.1 117.9 451.1 138.1 438.6 150.6L182.6 406.6C170.1 419.1 149.9 419.1 137.4 406.6L9.372 278.6C-3.124 266.1-3.124 245.9 9.372 233.4C21.87 220.9 42.13 220.9 54.63 233.4L159.1 338.7L393.4 105.4C405.9 92.88 426.1 92.88 438.6 105.4H438.6z\"><\/path><\/svg><\/span><span class=\"uagb-icon-list__label\">Catalina Sorhouet<\/span><\/div>\n\n\n\n<div class=\"wp-block-uagb-icon-list-child uagb-block-xpnrpngl\"><span class=\"uagb-icon-list__source-wrap\"><svg xmlns=\"https:\/\/www.w3.org\/2000\/svg\" viewBox=\"0 0 448 512\"><path d=\"M438.6 105.4C451.1 117.9 451.1 138.1 438.6 150.6L182.6 406.6C170.1 419.1 149.9 419.1 137.4 406.6L9.372 278.6C-3.124 266.1-3.124 245.9 9.372 233.4C21.87 220.9 42.13 220.9 54.63 233.4L159.1 338.7L393.4 105.4C405.9 92.88 426.1 92.88 438.6 105.4H438.6z\"><\/path><\/svg><\/span><span class=\"uagb-icon-list__label\">Leslie Leemann<\/span><\/div>\n\n\n\n<div class=\"wp-block-uagb-icon-list-child uagb-block-tdgsztup\"><span class=\"uagb-icon-list__source-wrap\"><svg xmlns=\"https:\/\/www.w3.org\/2000\/svg\" viewBox=\"0 0 448 512\"><path d=\"M438.6 105.4C451.1 117.9 451.1 138.1 438.6 150.6L182.6 406.6C170.1 419.1 149.9 419.1 137.4 406.6L9.372 278.6C-3.124 266.1-3.124 245.9 9.372 233.4C21.87 220.9 42.13 220.9 54.63 233.4L159.1 338.7L393.4 105.4C405.9 92.88 426.1 92.88 438.6 105.4H438.6z\"><\/path><\/svg><\/span><span class=\"uagb-icon-list__label\">Priccila Argach\u00e1<\/span><\/div>\n<\/div><\/div>\n<\/div>\n<\/div><\/div>\n\n\n\n<hr class=\"wp-block-separator has-alpha-channel-opacity ticss-46805a3d no_mb_no_pb no_mt_no_pt\"\/>\n\n\n\n<div class=\"wp-block-uagb-container uagb-block-nihiimvu alignfull uagb-is-root-container\"><div class=\"uagb-container-inner-blocks-wrap\">\n<div class=\"wp-block-uagb-container uagb-block-1olzads3\">\n<div class=\"wp-block-uagb-info-box uagb-block-vhksjmng uagb-infobox__content-wrap  uagb-infobox-icon-above-title uagb-infobox-image-valign-top\"><div class=\"uagb-ifb-content\"><div class=\"uagb-ifb-title-wrap\"><\/div><p class=\"uagb-ifb-desc\"><strong>Objetivos generales<\/strong><br><br>1. Promover el desarrollo de conocimientos te\u00f3rico-t\u00e9cnicos en psicoterapia psicoanal\u00edtica de personas que cursan situaciones de salud mental que revisten gravedad.<br><br>2. Fomentar la formaci\u00f3n continua y especializada de psicoterapeutas en el abordaje de estas situaciones cl\u00ednicas, a trav\u00e9s de actividades acad\u00e9micas, investigaci\u00f3n aplicada y espacios de intercambio interdisciplinario.<\/p><\/div><\/div>\n\n\n\n<div class=\"wp-block-uagb-info-box uagb-block-vrjwtmno uagb-infobox__content-wrap  uagb-infobox-icon-above-title uagb-infobox-image-valign-top\"><div class=\"uagb-ifb-content\"><div class=\"uagb-ifb-title-wrap\"><\/div><p class=\"uagb-ifb-desc\"><strong>Espec\u00edficos<\/strong><br><br>1. Desarrollar un proyecto de investigaci\u00f3n sobre los procesos terap\u00e9uticos en el tratamiento de personas que cursan situaciones de salud mental que revisten gravedad, incluyendo revisiones de casos cl\u00ednicos, an\u00e1lisis te\u00f3rico e indagaci\u00f3n<br>de su situaci\u00f3n de atenci\u00f3n y la de sus familias.<br><br>2. Organizar actividades acad\u00e9micas sobre avances en psicoterapia psicoanal\u00edtica y el tratamiento psicoterap\u00e9utico con estas personas dirigidas a profesionales de la salud mental de la instituci\u00f3n AUDEPP\/IUPA y externos.<br><br>3. Difundir los nuevos conocimientos sobre el abordaje psicoanal\u00edtico de dichas situaciones mediante publicaciones, seminarios y jornadas, con el objetivo de contribuir al debate contempor\u00e1neo.<\/p><\/div><\/div>\n<\/div>\n<\/div><\/div>\n","protected":false},"excerpt":{"rendered":"<p>\u00c1rea de Patolog\u00edas graves D\u00edas de reuni\u00f3n: Viernes de 9:00 a 10:00, en modalidad h\u00edbrida. Coordinaci\u00f3n<\/p>\n","protected":false},"author":1,"featured_media":0,"parent":0,"menu_order":0,"comment_status":"closed","ping_status":"closed","template":"","meta":{"_uag_custom_page_level_css":"","site-sidebar-layout":"default","site-content-layout":"","ast-site-content-layout":"","site-content-style":"default","site-sidebar-style":"default","ast-global-header-display":"","ast-banner-title-visibility":"","ast-main-header-display":"","ast-hfb-above-header-display":"","ast-hfb-below-header-display":"","ast-hfb-mobile-header-display":"","site-post-title":"","ast-breadcrumbs-content":"","ast-featured-img":"","footer-sml-layout":"","theme-transparent-header-meta":"","adv-header-id-meta":"","stick-header-meta":"","header-above-stick-meta":"","header-main-stick-meta":"","header-below-stick-meta":"","astra-migrate-meta-layouts":"default","ast-page-background-enabled":"default","ast-page-background-meta":{"desktop":{"background-color":"var(--ast-global-color-4)","background-image":"","background-repeat":"repeat","background-position":"center center","background-size":"auto","background-attachment":"scroll","background-type":"","background-media":"","overlay-type":"","overlay-color":"","overlay-opacity":"","overlay-gradient":""},"tablet":{"background-color":"","background-image":"","background-repeat":"repeat","background-position":"center center","background-size":"auto","background-attachment":"scroll","background-type":"","background-media":"","overlay-type":"","overlay-color":"","overlay-opacity":"","overlay-gradient":""},"mobile":{"background-color":"","background-image":"","background-repeat":"repeat","background-position":"center center","background-size":"auto","background-attachment":"scroll","background-type":"","background-media":"","overlay-type":"","overlay-color":"","overlay-opacity":"","overlay-gradient":""}},"ast-content-background-meta":{"desktop":{"background-color":"var(--ast-global-color-5)","background-image":"","background-repeat":"repeat","background-position":"center center","background-size":"auto","background-attachment":"scroll","background-type":"","background-media":"","overlay-type":"","overlay-color":"","overlay-opacity":"","overlay-gradient":""},"tablet":{"background-color":"var(--ast-global-color-5)","background-image":"","background-repeat":"repeat","background-position":"center center","background-size":"auto","background-attachment":"scroll","background-type":"","background-media":"","overlay-type":"","overlay-color":"","overlay-opacity":"","overlay-gradient":""},"mobile":{"background-color":"var(--ast-global-color-5)","background-image":"","background-repeat":"repeat","background-position":"center center","background-size":"auto","background-attachment":"scroll","background-type":"","background-media":"","overlay-type":"","overlay-color":"","overlay-opacity":"","overlay-gradient":""}},"_themeisle_gutenberg_block_has_review":false,"footnotes":""},"class_list":["post-16449","page","type-page","status-publish","hentry"],"yoast_head":"<!-- This site is optimized with the Yoast SEO plugin v25.5 - https:\/\/yoast.com\/wordpress\/plugins\/seo\/ -->\n<title>\u00c1rea de Patolog\u00edas graves - Audepp<\/title>\n<meta name=\"robots\" content=\"index, follow, max-snippet:-1, max-image-preview:large, max-video-preview:-1\" \/>\n<link rel=\"canonical\" href=\"https:\/\/audepp.org\/portal\/area-de-patologias-graves\/\" \/>\n<meta property=\"og:locale\" content=\"es_ES\" \/>\n<meta property=\"og:type\" content=\"article\" \/>\n<meta property=\"og:title\" content=\"\u00c1rea de Patolog\u00edas graves - Audepp\" \/>\n<meta property=\"og:description\" content=\"\u00c1rea de Patolog\u00edas graves D\u00edas de reuni\u00f3n: Viernes de 9:00 a 10:00, en modalidad h\u00edbrida. Coordinaci\u00f3n\" \/>\n<meta property=\"og:url\" content=\"https:\/\/audepp.org\/portal\/area-de-patologias-graves\/\" \/>\n<meta property=\"og:site_name\" content=\"Audepp\" \/>\n<meta property=\"article:modified_time\" content=\"2025-08-10T19:44:49+00:00\" \/>\n<meta property=\"og:image\" content=\"https:\/\/audepp.org\/portal\/wp-content\/uploads\/2025\/07\/204032fgsdl-1024x853.jpg\" \/>\n<meta name=\"twitter:card\" content=\"summary_large_image\" \/>\n<meta name=\"twitter:label1\" content=\"Tiempo de lectura\" \/>\n\t<meta name=\"twitter:data1\" content=\"2 minutos\" \/>\n<script type=\"application\/ld+json\" class=\"yoast-schema-graph\">{\"@context\":\"https:\/\/schema.org\",\"@graph\":[{\"@type\":\"WebPage\",\"@id\":\"https:\/\/audepp.org\/portal\/area-de-patologias-graves\/\",\"url\":\"https:\/\/audepp.org\/portal\/area-de-patologias-graves\/\",\"name\":\"\u00c1rea de Patolog\u00edas graves - Audepp\",\"isPartOf\":{\"@id\":\"https:\/\/audepp.org\/portal\/#website\"},\"primaryImageOfPage\":{\"@id\":\"https:\/\/audepp.org\/portal\/area-de-patologias-graves\/#primaryimage\"},\"image\":{\"@id\":\"https:\/\/audepp.org\/portal\/area-de-patologias-graves\/#primaryimage\"},\"thumbnailUrl\":\"https:\/\/audepp.org\/portal\/wp-content\/uploads\/2025\/07\/204032fgsdl-1024x853.jpg\",\"datePublished\":\"2025-05-18T01:32:52+00:00\",\"dateModified\":\"2025-08-10T19:44:49+00:00\",\"breadcrumb\":{\"@id\":\"https:\/\/audepp.org\/portal\/area-de-patologias-graves\/#breadcrumb\"},\"inLanguage\":\"es\",\"potentialAction\":[{\"@type\":\"ReadAction\",\"target\":[\"https:\/\/audepp.org\/portal\/area-de-patologias-graves\/\"]}]},{\"@type\":\"ImageObject\",\"inLanguage\":\"es\",\"@id\":\"https:\/\/audepp.org\/portal\/area-de-patologias-graves\/#primaryimage\",\"url\":\"https:\/\/audepp.org\/portal\/wp-content\/uploads\/2025\/07\/204032fgsdl.jpg\",\"contentUrl\":\"https:\/\/audepp.org\/portal\/wp-content\/uploads\/2025\/07\/204032fgsdl.jpg\",\"width\":1800,\"height\":1500},{\"@type\":\"BreadcrumbList\",\"@id\":\"https:\/\/audepp.org\/portal\/area-de-patologias-graves\/#breadcrumb\",\"itemListElement\":[{\"@type\":\"ListItem\",\"position\":1,\"name\":\"Home\",\"item\":\"https:\/\/audepp.org\/portal\/\"},{\"@type\":\"ListItem\",\"position\":2,\"name\":\"\u00c1rea de Patolog\u00edas graves\"}]},{\"@type\":\"WebSite\",\"@id\":\"https:\/\/audepp.org\/portal\/#website\",\"url\":\"https:\/\/audepp.org\/portal\/\",\"name\":\"Audepp\",\"description\":\"\",\"publisher\":{\"@id\":\"https:\/\/audepp.org\/portal\/#organization\"},\"potentialAction\":[{\"@type\":\"SearchAction\",\"target\":{\"@type\":\"EntryPoint\",\"urlTemplate\":\"https:\/\/audepp.org\/portal\/?s={search_term_string}\"},\"query-input\":{\"@type\":\"PropertyValueSpecification\",\"valueRequired\":true,\"valueName\":\"search_term_string\"}}],\"inLanguage\":\"es\"},{\"@type\":\"Organization\",\"@id\":\"https:\/\/audepp.org\/portal\/#organization\",\"name\":\"Audepp\",\"url\":\"https:\/\/audepp.org\/portal\/\",\"logo\":{\"@type\":\"ImageObject\",\"inLanguage\":\"es\",\"@id\":\"https:\/\/audepp.org\/portal\/#\/schema\/logo\/image\/\",\"url\":\"https:\/\/audepp.org\/portal\/wp-content\/uploads\/2025\/02\/cropped-cropped-cropped-image_invertida-1.png\",\"contentUrl\":\"https:\/\/audepp.org\/portal\/wp-content\/uploads\/2025\/02\/cropped-cropped-cropped-image_invertida-1.png\",\"width\":980,\"height\":254,\"caption\":\"Audepp\"},\"image\":{\"@id\":\"https:\/\/audepp.org\/portal\/#\/schema\/logo\/image\/\"}}]}<\/script>\n<!-- \/ Yoast SEO plugin. -->","yoast_head_json":{"title":"\u00c1rea de Patolog\u00edas graves - Audepp","robots":{"index":"index","follow":"follow","max-snippet":"max-snippet:-1","max-image-preview":"max-image-preview:large","max-video-preview":"max-video-preview:-1"},"canonical":"https:\/\/audepp.org\/portal\/area-de-patologias-graves\/","og_locale":"es_ES","og_type":"article","og_title":"\u00c1rea de Patolog\u00edas graves - Audepp","og_description":"\u00c1rea de Patolog\u00edas graves D\u00edas de reuni\u00f3n: Viernes de 9:00 a 10:00, en modalidad h\u00edbrida. Coordinaci\u00f3n","og_url":"https:\/\/audepp.org\/portal\/area-de-patologias-graves\/","og_site_name":"Audepp","article_modified_time":"2025-08-10T19:44:49+00:00","og_image":[{"url":"https:\/\/audepp.org\/portal\/wp-content\/uploads\/2025\/07\/204032fgsdl-1024x853.jpg","type":"","width":"","height":""}],"twitter_card":"summary_large_image","twitter_misc":{"Tiempo de lectura":"2 minutos"},"schema":{"@context":"https:\/\/schema.org","@graph":[{"@type":"WebPage","@id":"https:\/\/audepp.org\/portal\/area-de-patologias-graves\/","url":"https:\/\/audepp.org\/portal\/area-de-patologias-graves\/","name":"\u00c1rea de Patolog\u00edas graves - Audepp","isPartOf":{"@id":"https:\/\/audepp.org\/portal\/#website"},"primaryImageOfPage":{"@id":"https:\/\/audepp.org\/portal\/area-de-patologias-graves\/#primaryimage"},"image":{"@id":"https:\/\/audepp.org\/portal\/area-de-patologias-graves\/#primaryimage"},"thumbnailUrl":"https:\/\/audepp.org\/portal\/wp-content\/uploads\/2025\/07\/204032fgsdl-1024x853.jpg","datePublished":"2025-05-18T01:32:52+00:00","dateModified":"2025-08-10T19:44:49+00:00","breadcrumb":{"@id":"https:\/\/audepp.org\/portal\/area-de-patologias-graves\/#breadcrumb"},"inLanguage":"es","potentialAction":[{"@type":"ReadAction","target":["https:\/\/audepp.org\/portal\/area-de-patologias-graves\/"]}]},{"@type":"ImageObject","inLanguage":"es","@id":"https:\/\/audepp.org\/portal\/area-de-patologias-graves\/#primaryimage","url":"https:\/\/audepp.org\/portal\/wp-content\/uploads\/2025\/07\/204032fgsdl.jpg","contentUrl":"https:\/\/audepp.org\/portal\/wp-content\/uploads\/2025\/07\/204032fgsdl.jpg","width":1800,"height":1500},{"@type":"BreadcrumbList","@id":"https:\/\/audepp.org\/portal\/area-de-patologias-graves\/#breadcrumb","itemListElement":[{"@type":"ListItem","position":1,"name":"Home","item":"https:\/\/audepp.org\/portal\/"},{"@type":"ListItem","position":2,"name":"\u00c1rea de Patolog\u00edas graves"}]},{"@type":"WebSite","@id":"https:\/\/audepp.org\/portal\/#website","url":"https:\/\/audepp.org\/portal\/","name":"Audepp","description":"","publisher":{"@id":"https:\/\/audepp.org\/portal\/#organization"},"potentialAction":[{"@type":"SearchAction","target":{"@type":"EntryPoint","urlTemplate":"https:\/\/audepp.org\/portal\/?s={search_term_string}"},"query-input":{"@type":"PropertyValueSpecification","valueRequired":true,"valueName":"search_term_string"}}],"inLanguage":"es"},{"@type":"Organization","@id":"https:\/\/audepp.org\/portal\/#organization","name":"Audepp","url":"https:\/\/audepp.org\/portal\/","logo":{"@type":"ImageObject","inLanguage":"es","@id":"https:\/\/audepp.org\/portal\/#\/schema\/logo\/image\/","url":"https:\/\/audepp.org\/portal\/wp-content\/uploads\/2025\/02\/cropped-cropped-cropped-image_invertida-1.png","contentUrl":"https:\/\/audepp.org\/portal\/wp-content\/uploads\/2025\/02\/cropped-cropped-cropped-image_invertida-1.png","width":980,"height":254,"caption":"Audepp"},"image":{"@id":"https:\/\/audepp.org\/portal\/#\/schema\/logo\/image\/"}}]}},"uagb_featured_image_src":{"full":false,"thumbnail":false,"medium":false,"medium_large":false,"large":false,"1536x1536":false,"2048x2048":false,"ultp_layout_landscape_large":false,"ultp_layout_landscape":false,"ultp_layout_portrait":false,"ultp_layout_square":false},"uagb_author_info":{"display_name":"admin","author_link":"https:\/\/audepp.org\/portal\/author\/admin\/"},"uagb_comment_info":0,"uagb_excerpt":"\u00c1rea de Patolog\u00edas graves D\u00edas de reuni\u00f3n: Viernes de 9:00 a 10:00, en modalidad h\u00edbrida. Coordinaci\u00f3n","_links":{"self":[{"href":"https:\/\/audepp.org\/portal\/wp-json\/wp\/v2\/pages\/16449","targetHints":{"allow":["GET"]}}],"collection":[{"href":"https:\/\/audepp.org\/portal\/wp-json\/wp\/v2\/pages"}],"about":[{"href":"https:\/\/audepp.org\/portal\/wp-json\/wp\/v2\/types\/page"}],"author":[{"embeddable":true,"href":"https:\/\/audepp.org\/portal\/wp-json\/wp\/v2\/users\/1"}],"replies":[{"embeddable":true,"href":"https:\/\/audepp.org\/portal\/wp-json\/wp\/v2\/comments?post=16449"}],"version-history":[{"count":25,"href":"https:\/\/audepp.org\/portal\/wp-json\/wp\/v2\/pages\/16449\/revisions"}],"predecessor-version":[{"id":17439,"href":"https:\/\/audepp.org\/portal\/wp-json\/wp\/v2\/pages\/16449\/revisions\/17439"}],"wp:attachment":[{"href":"https:\/\/audepp.org\/portal\/wp-json\/wp\/v2\/media?parent=16449"}],"curies":[{"name":"wp","href":"https:\/\/api.w.org\/{rel}","templated":true}]}}