{"id":11625,"date":"2019-12-31T12:37:56","date_gmt":"2019-12-31T15:37:56","guid":{"rendered":"http:\/\/localhost\/portal_old\/comision-etica\/"},"modified":"2026-03-04T21:40:14","modified_gmt":"2026-03-05T00:40:14","slug":"comision-etica","status":"publish","type":"page","link":"https:\/\/audepp.org\/portal\/comision-etica\/","title":{"rendered":"Comisi\u00f3n \u00c9tica"},"content":{"rendered":"\n<div class=\"wp-block-uagb-container uagb-layout-flex uagb-block-v1hcoqtj alignfull uagb-is-root-container\"><div class=\"uagb-container-inner-blocks-wrap\">\n<div class=\"wp-block-uagb-container uagb-block-wvcxh12x\">\n<div class=\"wp-block-uagb-image alignleft uagb-block-m8oeetzo wp-block-uagb-image--layout-default wp-block-uagb-image--effect-static wp-block-uagb-image--align-left\"><figure class=\"wp-block-uagb-image__figure\"><img decoding=\"async\" srcset=\"https:\/\/audepp.org\/portal\/wp-content\/uploads\/2025\/07\/escultura_hueso-683x1024.png ,https:\/\/audepp.org\/portal\/wp-content\/uploads\/2025\/07\/escultura_hueso.png 780w, https:\/\/audepp.org\/portal\/wp-content\/uploads\/2025\/07\/escultura_hueso.png 360w\" sizes=\"auto, (max-width: 480px) 150px\" src=\"https:\/\/audepp.org\/portal\/wp-content\/uploads\/2025\/07\/escultura_hueso-683x1024.png\" alt=\"\" class=\"uag-image-16943\" width=\"230\" height=\"360\" title=\"escultura_hueso\" loading=\"lazy\" role=\"img\"\/><\/figure><\/div>\n\n\n\n<div class=\"wp-block-uagb-image uagb-block-4w7ribnn wp-block-uagb-image--layout-default wp-block-uagb-image--effect-static wp-block-uagb-image--align-none alignleft\"><figure class=\"wp-block-uagb-image__figure\"><img decoding=\"async\" srcset=\"https:\/\/audepp.org\/portal\/wp-content\/uploads\/2025\/07\/puerta_audepp_freud_2-1024x683.png ,https:\/\/audepp.org\/portal\/wp-content\/uploads\/2025\/07\/puerta_audepp_freud_2.png 780w, https:\/\/audepp.org\/portal\/wp-content\/uploads\/2025\/07\/puerta_audepp_freud_2.png 360w\" sizes=\"auto, (max-width: 480px) 150px\" src=\"https:\/\/audepp.org\/portal\/wp-content\/uploads\/2025\/07\/puerta_audepp_freud_2-1024x683.png\" alt=\"\" class=\"uag-image-16969\" width=\"230\" height=\"360\" title=\"puerta_audepp_freud_2\" loading=\"lazy\" role=\"img\"\/><\/figure><\/div>\n<\/div>\n\n\n\n<div class=\"wp-block-uagb-container uagb-block-tm8cjufm\">\n<p class=\"has-black-color has-text-color has-link-color wp-elements-c81aca45b6001af35722a9ba52e273de\" style=\"font-size:16px;line-height:1.7\">PER\u00cdODO 2025\/2027<\/p>\n\n\n\n<h4 class=\"wp-block-heading ticss-74028f1a has-black-color has-text-color has-link-color wp-elements-0b6c097e133f58be2dc7ccabaec3db93\" style=\"font-size:32px;font-style:normal;font-weight:700;line-height:1.7\">Comisi\u00f3n \u00c9tica<\/h4>\n\n\n\n<p class=\"ticss-b636b833 has-black-color has-text-color has-link-color wp-elements-d73fc3ccb091ab8d03b007df3e45c1fd\" style=\"font-size:16px;font-style:normal;font-weight:600;line-height:1.7\">D\u00eda de reuni\u00f3n: Viernes 11 horas (2dos y 4tos)<\/p>\n\n\n\n<p class=\"ticss-94cacda0\" style=\"font-size:16px;line-height:1.7\"><br>La <strong>Comisi\u00f3n de \u00c9tica de AUDEPP<\/strong> fue creada en 1995 para desarrollar un marco \u00e9tico profesional. Tras jornadas de debate, los <strong>Principios \u00c9ticos<\/strong> fueron aprobados en 1998. La comisi\u00f3n se renueva parcialmente cada dos a\u00f1os, asegurando su continuidad y actualizaci\u00f3n.<br><br><strong>Integrantes<\/strong><\/p>\n\n\n\n<div class=\"wp-block-uagb-icon-list uagb-block-bhfosj4n\"><div class=\"uagb-icon-list__wrap\">\n<div class=\"wp-block-uagb-icon-list-child uagb-block-xj5julyn\"><span class=\"uagb-icon-list__source-wrap\"><svg xmlns=\"https:\/\/www.w3.org\/2000\/svg\" viewBox=\"0 0 448 512\"><path d=\"M438.6 105.4C451.1 117.9 451.1 138.1 438.6 150.6L182.6 406.6C170.1 419.1 149.9 419.1 137.4 406.6L9.372 278.6C-3.124 266.1-3.124 245.9 9.372 233.4C21.87 220.9 42.13 220.9 54.63 233.4L159.1 338.7L393.4 105.4C405.9 92.88 426.1 92.88 438.6 105.4H438.6z\"><\/path><\/svg><\/span><span class=\"uagb-icon-list__label\">Silvia Adjiman<\/span><\/div>\n\n\n\n<div class=\"wp-block-uagb-icon-list-child uagb-block-tdgsztup\"><span class=\"uagb-icon-list__source-wrap\"><svg xmlns=\"https:\/\/www.w3.org\/2000\/svg\" viewBox=\"0 0 448 512\"><path d=\"M438.6 105.4C451.1 117.9 451.1 138.1 438.6 150.6L182.6 406.6C170.1 419.1 149.9 419.1 137.4 406.6L9.372 278.6C-3.124 266.1-3.124 245.9 9.372 233.4C21.87 220.9 42.13 220.9 54.63 233.4L159.1 338.7L393.4 105.4C405.9 92.88 426.1 92.88 438.6 105.4H438.6z\"><\/path><\/svg><\/span><span class=\"uagb-icon-list__label\">Miguel Carabajal<\/span><\/div>\n\n\n\n<div class=\"wp-block-uagb-icon-list-child uagb-block-xpnrpngl\"><span class=\"uagb-icon-list__source-wrap\"><svg xmlns=\"https:\/\/www.w3.org\/2000\/svg\" viewBox=\"0 0 448 512\"><path d=\"M438.6 105.4C451.1 117.9 451.1 138.1 438.6 150.6L182.6 406.6C170.1 419.1 149.9 419.1 137.4 406.6L9.372 278.6C-3.124 266.1-3.124 245.9 9.372 233.4C21.87 220.9 42.13 220.9 54.63 233.4L159.1 338.7L393.4 105.4C405.9 92.88 426.1 92.88 438.6 105.4H438.6z\"><\/path><\/svg><\/span><span class=\"uagb-icon-list__label\">Alicia Constanza<\/span><\/div>\n\n\n\n<div class=\"wp-block-uagb-icon-list-child uagb-block-ab19ef9b\"><span class=\"uagb-icon-list__source-wrap\"><svg xmlns=\"https:\/\/www.w3.org\/2000\/svg\" viewBox=\"0 0 448 512\"><path d=\"M438.6 105.4C451.1 117.9 451.1 138.1 438.6 150.6L182.6 406.6C170.1 419.1 149.9 419.1 137.4 406.6L9.372 278.6C-3.124 266.1-3.124 245.9 9.372 233.4C21.87 220.9 42.13 220.9 54.63 233.4L159.1 338.7L393.4 105.4C405.9 92.88 426.1 92.88 438.6 105.4H438.6z\"><\/path><\/svg><\/span><span class=\"uagb-icon-list__label\">Adriana Di Tomaso<\/span><\/div>\n\n\n\n<div class=\"wp-block-uagb-icon-list-child uagb-block-62eac716\"><span class=\"uagb-icon-list__source-wrap\"><svg xmlns=\"https:\/\/www.w3.org\/2000\/svg\" viewBox=\"0 0 448 512\"><path d=\"M438.6 105.4C451.1 117.9 451.1 138.1 438.6 150.6L182.6 406.6C170.1 419.1 149.9 419.1 137.4 406.6L9.372 278.6C-3.124 266.1-3.124 245.9 9.372 233.4C21.87 220.9 42.13 220.9 54.63 233.4L159.1 338.7L393.4 105.4C405.9 92.88 426.1 92.88 438.6 105.4H438.6z\"><\/path><\/svg><\/span><span class=\"uagb-icon-list__label\">Adriana Gandolfi<\/span><\/div>\n<\/div><\/div>\n<\/div>\n<\/div><\/div>\n\n\n\n<hr class=\"wp-block-separator has-alpha-channel-opacity ticss-46805a3d\"\/>\n\n\n\n<div class=\"wp-block-uagb-container uagb-block-w1f2uhd7 alignfull uagb-is-root-container\"><div class=\"uagb-container-inner-blocks-wrap\">\n<div class=\"wp-block-uagb-advanced-heading uagb-block-lxki3mtm\"><h5 class=\"uagb-heading-text\"><strong>La construcci\u00f3n de un marco \u00e9tico<\/strong><\/h5><p class=\"uagb-desc-text\">Historia y Desarrollo de los Principios \u00c9ticos de la Asociaci\u00f3n<\/p><\/div>\n\n\n<div class=\"wp-block-uagb-faq uagb-faq__outer-wrap uagb-block-wkidzcmc uagb-faq-icon-row-reverse uagb-faq-layout-accordion uagb-faq-expand-first-true uagb-faq-inactive-other-false uagb-faq__wrap uagb-buttons-layout-wrap uagb-faq-equal-height     \" data-faqtoggle=\"true\" role=\"tablist\"><div class=\"wp-block-uagb-faq-child uagb-faq-child__outer-wrap uagb-faq-item uagb-block-bxp5wixy ticss-82931621\" role=\"tab\" tabindex=\"0\"><div class=\"uagb-faq-questions-button uagb-faq-questions\">\t\t\t<span class=\"uagb-icon uagb-faq-icon-wrap\">\n\t\t\t\t\t\t\t<\/span>\n\t\t\t\t\t\t<span class=\"uagb-icon-active uagb-faq-icon-wrap\">\n\t\t\t\t\t\t\t<\/span>\n\t\t\t<p class=\"uagb-question\">Or\u00edgenes<\/p><\/div><div class=\"uagb-faq-content\"><p>Desde sus or\u00edgenes, una de las preocupaciones importantes de AUDEPP fue disponer de un marco referencial \u00e9tico profesional para sus integrantes. Esta aspiraci\u00f3n fue reforzada por el reclamo de los asociados en ese mismo sentido, y llev\u00f3 a que, durante el Ejercicio 1993-1995, la Comisi\u00f3n Directiva presidida por la Dra. Rosario Allegue propusiera la designaci\u00f3n de una Comisi\u00f3n de \u00c9tica.<br><br>Para esos efectos, se convoc\u00f3 a los asociados, concomitantemente con las elecciones de nuevas autoridades, al nombramiento de cinco integrantes dentro de una lista de once candidatos propuestos.<\/p><\/div><\/div><div class=\"wp-block-uagb-faq-child uagb-faq-child__outer-wrap uagb-faq-item uagb-block-rvl1o05e ticss-a731b80f\" role=\"tab\" tabindex=\"0\"><div class=\"uagb-faq-questions-button uagb-faq-questions\">\t\t\t<span class=\"uagb-icon uagb-faq-icon-wrap\">\n\t\t\t\t\t\t\t<\/span>\n\t\t\t\t\t\t<span class=\"uagb-icon-active uagb-faq-icon-wrap\">\n\t\t\t\t\t\t\t<\/span>\n\t\t\t<p class=\"uagb-question\">Integrantes fundadores<\/p><\/div><div class=\"uagb-faq-content\"><p> La Comisi\u00f3n de \u00c9tica electa se integr\u00f3 con los asociados Dr. Hersch Hoffnung (en calidad de Coordinador), los Psics. Jos\u00e9 Liberman y Alejandro Amy y los Dres. Enrique Restaino y Yubarant Bespali.<\/p><\/div><\/div><div class=\"wp-block-uagb-faq-child uagb-faq-child__outer-wrap uagb-faq-item uagb-block-hlzq06v2 ticss-4c315d35\" role=\"tab\" tabindex=\"0\"><div class=\"uagb-faq-questions-button uagb-faq-questions\">\t\t\t<span class=\"uagb-icon uagb-faq-icon-wrap\">\n\t\t\t\t\t\t\t<\/span>\n\t\t\t\t\t\t<span class=\"uagb-icon-active uagb-faq-icon-wrap\">\n\t\t\t\t\t\t\t<\/span>\n\t\t\t<p class=\"uagb-question\">Primeros pasos<\/p><\/div><div class=\"uagb-faq-content\"><p>La primera reuni\u00f3n se realiz\u00f3 el 9 de agosto de 1995, en cuyo momento se proponen los objetivos y metodolog\u00eda de trabajo. Durante la elaboraci\u00f3n de los Principios \u00c9ticos de AUDEPP participaron los asociados a trav\u00e9s de jornadas abiertas convocadas para tal fin del 31 de agosto de 1996 y el 15 de octubre de 1997. Finalmente la Asamblea General Extraordinaria del 2 de abril de 1998 discuti\u00f3 y aprob\u00f3 estos Principios \u00c9ticos de AUDEPP con la redacci\u00f3n definitiva que hoy se hace llegar a trav\u00e9s de esta publicaci\u00f3n.<\/p><\/div><\/div><\/div>\n\n\n<div class=\"wp-block-uagb-advanced-heading uagb-block-gslnehzk\"><p class=\"uagb-heading-text\">Renovaci\u00f3n<\/p><p class=\"uagb-desc-text\">La Comisi\u00f3n de \u00c9tica se renueva parcialmente cada dos a\u00f1os, en la misma instancia de elecci\u00f3n de la Comisi\u00f3n Directiva y Fiscal de AUDEPP y del Fondo de Protecci\u00f3n Social y su Comisi\u00f3n Fiscal.<\/p><\/div>\n\n\n\n<div class=\"wp-block-uagb-buttons uagb-buttons__outer-wrap uagb-btn__default-btn uagb-btn-tablet__default-btn uagb-btn-mobile__default-btn uagb-block-laibndnw\"><div class=\"uagb-buttons__wrap uagb-buttons-layout-wrap \">\n<div class=\"wp-block-uagb-buttons-child uagb-buttons__outer-wrap uagb-block-b6bbf4e1 wp-block-button\"><div class=\"uagb-button__wrapper\"><a class=\"uagb-buttons-repeater wp-block-button__link\" aria-label=\"\" href=\"https:\/\/audepp.org\/portal\/principios-eticos\/\" rel=\"follow noopener\" target=\"_self\" role=\"button\"><div class=\"uagb-button__link\">VER M\u00c1S<\/div><\/a><\/div><\/div>\n<\/div><\/div>\n<\/div><\/div>\n","protected":false},"excerpt":{"rendered":"<p>PER\u00cdODO 2025\/2027 Comisi\u00f3n \u00c9tica D\u00eda de reuni\u00f3n: Viernes 11 horas (2dos y 4tos) La Comisi\u00f3n de \u00c9tica de AUDEPP fue creada en 1995 para desarrollar un marco \u00e9tico profesional. Tras jornadas de debate, los Principios \u00c9ticos fueron aprobados en 1998. La comisi\u00f3n se renueva parcialmente cada dos a\u00f1os, asegurando su continuidad y actualizaci\u00f3n. Integrantes La [&hellip;]<\/p>\n","protected":false},"author":1,"featured_media":0,"parent":0,"menu_order":0,"comment_status":"closed","ping_status":"closed","template":"","meta":{"_uag_custom_page_level_css":"","site-sidebar-layout":"default","site-content-layout":"","ast-site-content-layout":"","site-content-style":"default","site-sidebar-style":"default","ast-global-header-display":"","ast-banner-title-visibility":"","ast-main-header-display":"","ast-hfb-above-header-display":"","ast-hfb-below-header-display":"","ast-hfb-mobile-header-display":"","site-post-title":"","ast-breadcrumbs-content":"","ast-featured-img":"","footer-sml-layout":"","theme-transparent-header-meta":"","adv-header-id-meta":"","stick-header-meta":"","header-above-stick-meta":"","header-main-stick-meta":"","header-below-stick-meta":"","astra-migrate-meta-layouts":"default","ast-page-background-enabled":"default","ast-page-background-meta":{"desktop":{"background-color":"var(--ast-global-color-4)","background-image":"","background-repeat":"repeat","background-position":"center center","background-size":"auto","background-attachment":"scroll","background-type":"","background-media":"","overlay-type":"","overlay-color":"","overlay-opacity":"","overlay-gradient":""},"tablet":{"background-color":"","background-image":"","background-repeat":"repeat","background-position":"center center","background-size":"auto","background-attachment":"scroll","background-type":"","background-media":"","overlay-type":"","overlay-color":"","overlay-opacity":"","overlay-gradient":""},"mobile":{"background-color":"","background-image":"","background-repeat":"repeat","background-position":"center center","background-size":"auto","background-attachment":"scroll","background-type":"","background-media":"","overlay-type":"","overlay-color":"","overlay-opacity":"","overlay-gradient":""}},"ast-content-background-meta":{"desktop":{"background-color":"var(--ast-global-color-5)","background-image":"","background-repeat":"repeat","background-position":"center center","background-size":"auto","background-attachment":"scroll","background-type":"","background-media":"","overlay-type":"","overlay-color":"","overlay-opacity":"","overlay-gradient":""},"tablet":{"background-color":"var(--ast-global-color-5)","background-image":"","background-repeat":"repeat","background-position":"center center","background-size":"auto","background-attachment":"scroll","background-type":"","background-media":"","overlay-type":"","overlay-color":"","overlay-opacity":"","overlay-gradient":""},"mobile":{"background-color":"var(--ast-global-color-5)","background-image":"","background-repeat":"repeat","background-position":"center center","background-size":"auto","background-attachment":"scroll","background-type":"","background-media":"","overlay-type":"","overlay-color":"","overlay-opacity":"","overlay-gradient":""}},"_themeisle_gutenberg_block_has_review":false,"footnotes":""},"class_list":["post-11625","page","type-page","status-publish","hentry"],"yoast_head":"<!-- This site is optimized with the Yoast SEO plugin v25.5 - https:\/\/yoast.com\/wordpress\/plugins\/seo\/ -->\n<title>Comisi\u00f3n \u00c9tica - Audepp<\/title>\n<meta name=\"robots\" content=\"index, follow, max-snippet:-1, max-image-preview:large, max-video-preview:-1\" \/>\n<link rel=\"canonical\" href=\"https:\/\/audepp.org\/portal\/comision-etica\/\" \/>\n<meta property=\"og:locale\" content=\"es_ES\" \/>\n<meta property=\"og:type\" content=\"article\" \/>\n<meta property=\"og:title\" content=\"Comisi\u00f3n \u00c9tica - Audepp\" \/>\n<meta property=\"og:description\" content=\"PER\u00cdODO 2025\/2027 Comisi\u00f3n \u00c9tica D\u00eda de reuni\u00f3n: Viernes 11 horas (2dos y 4tos) La Comisi\u00f3n de \u00c9tica de AUDEPP fue creada en 1995 para desarrollar un marco \u00e9tico profesional. Tras jornadas de debate, los Principios \u00c9ticos fueron aprobados en 1998. La comisi\u00f3n se renueva parcialmente cada dos a\u00f1os, asegurando su continuidad y actualizaci\u00f3n. Integrantes La [&hellip;]\" \/>\n<meta property=\"og:url\" content=\"https:\/\/audepp.org\/portal\/comision-etica\/\" \/>\n<meta property=\"og:site_name\" content=\"Audepp\" \/>\n<meta property=\"article:modified_time\" content=\"2026-03-05T00:40:14+00:00\" \/>\n<meta property=\"og:image\" content=\"https:\/\/audepp.org\/portal\/wp-content\/uploads\/2025\/07\/escultura_hueso-683x1024.png\" \/>\n<meta name=\"twitter:card\" content=\"summary_large_image\" \/>\n<meta name=\"twitter:label1\" content=\"Tiempo de lectura\" \/>\n\t<meta name=\"twitter:data1\" content=\"1 minuto\" \/>\n<script type=\"application\/ld+json\" class=\"yoast-schema-graph\">{\"@context\":\"https:\/\/schema.org\",\"@graph\":[{\"@type\":\"WebPage\",\"@id\":\"https:\/\/audepp.org\/portal\/comision-etica\/\",\"url\":\"https:\/\/audepp.org\/portal\/comision-etica\/\",\"name\":\"Comisi\u00f3n \u00c9tica - Audepp\",\"isPartOf\":{\"@id\":\"https:\/\/audepp.org\/portal\/#website\"},\"primaryImageOfPage\":{\"@id\":\"https:\/\/audepp.org\/portal\/comision-etica\/#primaryimage\"},\"image\":{\"@id\":\"https:\/\/audepp.org\/portal\/comision-etica\/#primaryimage\"},\"thumbnailUrl\":\"https:\/\/audepp.org\/portal\/wp-content\/uploads\/2025\/07\/escultura_hueso-683x1024.png\",\"datePublished\":\"2019-12-31T15:37:56+00:00\",\"dateModified\":\"2026-03-05T00:40:14+00:00\",\"breadcrumb\":{\"@id\":\"https:\/\/audepp.org\/portal\/comision-etica\/#breadcrumb\"},\"inLanguage\":\"es\",\"potentialAction\":[{\"@type\":\"ReadAction\",\"target\":[\"https:\/\/audepp.org\/portal\/comision-etica\/\"]}]},{\"@type\":\"ImageObject\",\"inLanguage\":\"es\",\"@id\":\"https:\/\/audepp.org\/portal\/comision-etica\/#primaryimage\",\"url\":\"https:\/\/audepp.org\/portal\/wp-content\/uploads\/2025\/07\/escultura_hueso.png\",\"contentUrl\":\"https:\/\/audepp.org\/portal\/wp-content\/uploads\/2025\/07\/escultura_hueso.png\",\"width\":1024,\"height\":1536},{\"@type\":\"BreadcrumbList\",\"@id\":\"https:\/\/audepp.org\/portal\/comision-etica\/#breadcrumb\",\"itemListElement\":[{\"@type\":\"ListItem\",\"position\":1,\"name\":\"Home\",\"item\":\"https:\/\/audepp.org\/portal\/\"},{\"@type\":\"ListItem\",\"position\":2,\"name\":\"Comisi\u00f3n \u00c9tica\"}]},{\"@type\":\"WebSite\",\"@id\":\"https:\/\/audepp.org\/portal\/#website\",\"url\":\"https:\/\/audepp.org\/portal\/\",\"name\":\"Audepp\",\"description\":\"\",\"publisher\":{\"@id\":\"https:\/\/audepp.org\/portal\/#organization\"},\"potentialAction\":[{\"@type\":\"SearchAction\",\"target\":{\"@type\":\"EntryPoint\",\"urlTemplate\":\"https:\/\/audepp.org\/portal\/?s={search_term_string}\"},\"query-input\":{\"@type\":\"PropertyValueSpecification\",\"valueRequired\":true,\"valueName\":\"search_term_string\"}}],\"inLanguage\":\"es\"},{\"@type\":\"Organization\",\"@id\":\"https:\/\/audepp.org\/portal\/#organization\",\"name\":\"Audepp\",\"url\":\"https:\/\/audepp.org\/portal\/\",\"logo\":{\"@type\":\"ImageObject\",\"inLanguage\":\"es\",\"@id\":\"https:\/\/audepp.org\/portal\/#\/schema\/logo\/image\/\",\"url\":\"https:\/\/audepp.org\/portal\/wp-content\/uploads\/2025\/02\/cropped-cropped-cropped-image_invertida-1.png\",\"contentUrl\":\"https:\/\/audepp.org\/portal\/wp-content\/uploads\/2025\/02\/cropped-cropped-cropped-image_invertida-1.png\",\"width\":980,\"height\":254,\"caption\":\"Audepp\"},\"image\":{\"@id\":\"https:\/\/audepp.org\/portal\/#\/schema\/logo\/image\/\"}}]}<\/script>\n<!-- \/ Yoast SEO plugin. -->","yoast_head_json":{"title":"Comisi\u00f3n \u00c9tica - Audepp","robots":{"index":"index","follow":"follow","max-snippet":"max-snippet:-1","max-image-preview":"max-image-preview:large","max-video-preview":"max-video-preview:-1"},"canonical":"https:\/\/audepp.org\/portal\/comision-etica\/","og_locale":"es_ES","og_type":"article","og_title":"Comisi\u00f3n \u00c9tica - Audepp","og_description":"PER\u00cdODO 2025\/2027 Comisi\u00f3n \u00c9tica D\u00eda de reuni\u00f3n: Viernes 11 horas (2dos y 4tos) La Comisi\u00f3n de \u00c9tica de AUDEPP fue creada en 1995 para desarrollar un marco \u00e9tico profesional. Tras jornadas de debate, los Principios \u00c9ticos fueron aprobados en 1998. La comisi\u00f3n se renueva parcialmente cada dos a\u00f1os, asegurando su continuidad y actualizaci\u00f3n. Integrantes La [&hellip;]","og_url":"https:\/\/audepp.org\/portal\/comision-etica\/","og_site_name":"Audepp","article_modified_time":"2026-03-05T00:40:14+00:00","og_image":[{"url":"https:\/\/audepp.org\/portal\/wp-content\/uploads\/2025\/07\/escultura_hueso-683x1024.png","type":"","width":"","height":""}],"twitter_card":"summary_large_image","twitter_misc":{"Tiempo de lectura":"1 minuto"},"schema":{"@context":"https:\/\/schema.org","@graph":[{"@type":"WebPage","@id":"https:\/\/audepp.org\/portal\/comision-etica\/","url":"https:\/\/audepp.org\/portal\/comision-etica\/","name":"Comisi\u00f3n \u00c9tica - Audepp","isPartOf":{"@id":"https:\/\/audepp.org\/portal\/#website"},"primaryImageOfPage":{"@id":"https:\/\/audepp.org\/portal\/comision-etica\/#primaryimage"},"image":{"@id":"https:\/\/audepp.org\/portal\/comision-etica\/#primaryimage"},"thumbnailUrl":"https:\/\/audepp.org\/portal\/wp-content\/uploads\/2025\/07\/escultura_hueso-683x1024.png","datePublished":"2019-12-31T15:37:56+00:00","dateModified":"2026-03-05T00:40:14+00:00","breadcrumb":{"@id":"https:\/\/audepp.org\/portal\/comision-etica\/#breadcrumb"},"inLanguage":"es","potentialAction":[{"@type":"ReadAction","target":["https:\/\/audepp.org\/portal\/comision-etica\/"]}]},{"@type":"ImageObject","inLanguage":"es","@id":"https:\/\/audepp.org\/portal\/comision-etica\/#primaryimage","url":"https:\/\/audepp.org\/portal\/wp-content\/uploads\/2025\/07\/escultura_hueso.png","contentUrl":"https:\/\/audepp.org\/portal\/wp-content\/uploads\/2025\/07\/escultura_hueso.png","width":1024,"height":1536},{"@type":"BreadcrumbList","@id":"https:\/\/audepp.org\/portal\/comision-etica\/#breadcrumb","itemListElement":[{"@type":"ListItem","position":1,"name":"Home","item":"https:\/\/audepp.org\/portal\/"},{"@type":"ListItem","position":2,"name":"Comisi\u00f3n \u00c9tica"}]},{"@type":"WebSite","@id":"https:\/\/audepp.org\/portal\/#website","url":"https:\/\/audepp.org\/portal\/","name":"Audepp","description":"","publisher":{"@id":"https:\/\/audepp.org\/portal\/#organization"},"potentialAction":[{"@type":"SearchAction","target":{"@type":"EntryPoint","urlTemplate":"https:\/\/audepp.org\/portal\/?s={search_term_string}"},"query-input":{"@type":"PropertyValueSpecification","valueRequired":true,"valueName":"search_term_string"}}],"inLanguage":"es"},{"@type":"Organization","@id":"https:\/\/audepp.org\/portal\/#organization","name":"Audepp","url":"https:\/\/audepp.org\/portal\/","logo":{"@type":"ImageObject","inLanguage":"es","@id":"https:\/\/audepp.org\/portal\/#\/schema\/logo\/image\/","url":"https:\/\/audepp.org\/portal\/wp-content\/uploads\/2025\/02\/cropped-cropped-cropped-image_invertida-1.png","contentUrl":"https:\/\/audepp.org\/portal\/wp-content\/uploads\/2025\/02\/cropped-cropped-cropped-image_invertida-1.png","width":980,"height":254,"caption":"Audepp"},"image":{"@id":"https:\/\/audepp.org\/portal\/#\/schema\/logo\/image\/"}}]}},"uagb_featured_image_src":{"full":false,"thumbnail":false,"medium":false,"medium_large":false,"large":false,"1536x1536":false,"2048x2048":false,"ultp_layout_landscape_large":false,"ultp_layout_landscape":false,"ultp_layout_portrait":false,"ultp_layout_square":false},"uagb_author_info":{"display_name":"admin","author_link":"https:\/\/audepp.org\/portal\/author\/admin\/"},"uagb_comment_info":0,"uagb_excerpt":"PER\u00cdODO 2025\/2027 Comisi\u00f3n \u00c9tica D\u00eda de reuni\u00f3n: Viernes 11 horas (2dos y 4tos) La Comisi\u00f3n de \u00c9tica de AUDEPP fue creada en 1995 para desarrollar un marco \u00e9tico profesional. Tras jornadas de debate, los Principios \u00c9ticos fueron aprobados en 1998. La comisi\u00f3n se renueva parcialmente cada dos a\u00f1os, asegurando su continuidad y actualizaci\u00f3n. Integrantes La&hellip;","_links":{"self":[{"href":"https:\/\/audepp.org\/portal\/wp-json\/wp\/v2\/pages\/11625","targetHints":{"allow":["GET"]}}],"collection":[{"href":"https:\/\/audepp.org\/portal\/wp-json\/wp\/v2\/pages"}],"about":[{"href":"https:\/\/audepp.org\/portal\/wp-json\/wp\/v2\/types\/page"}],"author":[{"embeddable":true,"href":"https:\/\/audepp.org\/portal\/wp-json\/wp\/v2\/users\/1"}],"replies":[{"embeddable":true,"href":"https:\/\/audepp.org\/portal\/wp-json\/wp\/v2\/comments?post=11625"}],"version-history":[{"count":27,"href":"https:\/\/audepp.org\/portal\/wp-json\/wp\/v2\/pages\/11625\/revisions"}],"predecessor-version":[{"id":18513,"href":"https:\/\/audepp.org\/portal\/wp-json\/wp\/v2\/pages\/11625\/revisions\/18513"}],"wp:attachment":[{"href":"https:\/\/audepp.org\/portal\/wp-json\/wp\/v2\/media?parent=11625"}],"curies":[{"name":"wp","href":"https:\/\/api.w.org\/{rel}","templated":true}]}}